CRAN Package Check Results for Package oddstream

Last updated on 2025-04-30 04:50:13 CEST.

Flavor Version Tinstall Tcheck Ttotal Status Flags
r-devel-linux-x86_64-debian-clang 0.5.0 13.40 105.18 118.58 OK
r-devel-linux-x86_64-debian-gcc 0.5.0 9.81 74.33 84.14 OK
r-devel-linux-x86_64-fedora-clang 0.5.0 170.50 NOTE
r-devel-linux-x86_64-fedora-gcc 0.5.0 164.40 NOTE
r-devel-windows-x86_64 0.5.0 14.00 107.00 121.00 OK
r-patched-linux-x86_64 0.5.0 13.54 95.90 109.44 OK
r-release-linux-x86_64 0.5.0 13.84 96.33 110.17 OK
r-release-macos-arm64 0.5.0 45.00 OK
r-release-macos-x86_64 0.5.0 96.00 OK
r-release-windows-x86_64 0.5.0 15.00 105.00 120.00 OK
r-oldrel-macos-arm64 0.5.0 48.00 OK
r-oldrel-macos-x86_64 0.5.0 76.00 OK
r-oldrel-windows-x86_64 0.5.0 18.00 129.00 147.00 OK

Check Details

Version: 0.5.0
Check: dependencies in R code
Result: NOTE Namespaces in Imports field not imported from: ‘RColorBrewer’ ‘graphics’ All declared Imports should be used. Flavors: r-devel-linux-x86_64-fedora-clang, r-devel-linux-x86_64-fedora-gcc