Last updated on 2025-04-30 04:50:13 CEST.
Flavor | Version | Tinstall | Tcheck | Ttotal | Status | Flags |
---|---|---|---|---|---|---|
r-devel-linux-x86_64-debian-clang | 2.0.12 | 310.73 | 173.20 | 483.93 | OK | |
r-devel-linux-x86_64-debian-gcc | 2.0.12 | 245.20 | 142.68 | 387.88 | OK | |
r-devel-linux-x86_64-fedora-clang | 2.0.12 | 805.28 | OK | |||
r-devel-linux-x86_64-fedora-gcc | 2.0.12 | 963.69 | OK | |||
r-devel-windows-x86_64 | 2.0.12 | 298.00 | 248.00 | 546.00 | OK | |
r-patched-linux-x86_64 | 2.0.12 | 334.99 | 204.49 | 539.48 | OK | |
r-release-linux-x86_64 | 2.0.12 | 338.11 | 203.63 | 541.74 | OK | |
r-release-macos-arm64 | 2.0.12 | 228.00 | OK | |||
r-release-macos-x86_64 | 2.0.12 | 316.00 | OK | |||
r-release-windows-x86_64 | 2.0.12 | 298.00 | 269.00 | 567.00 | OK | |
r-oldrel-macos-arm64 | 2.0.12 | 214.00 | NOTE | |||
r-oldrel-macos-x86_64 | 2.0.12 | 470.00 | NOTE | |||
r-oldrel-windows-x86_64 | 2.0.12 | 336.00 | 325.00 | 661.00 | OK |
Version: 2.0.12
Check: installed package size
Result: NOTE
installed size is 99.1Mb
sub-directories of 1Mb or more:
libs 98.0Mb
Flavors: r-oldrel-macos-arm64, r-oldrel-macos-x86_64