CRAN Package Check Results for Package oesr

Last updated on 2025-04-30 04:50:13 CEST.

Flavor Version Tinstall Tcheck Ttotal Status Flags
r-devel-linux-x86_64-debian-clang 0.1.0 6.27 94.36 100.63 NOTE
r-devel-linux-x86_64-debian-gcc 0.1.0 4.05 68.92 72.97 NOTE
r-devel-linux-x86_64-fedora-clang 0.1.0 144.88 NOTE
r-devel-linux-x86_64-fedora-gcc 0.1.0 140.38 NOTE
r-devel-windows-x86_64 0.1.0 11.00 94.00 105.00 NOTE
r-patched-linux-x86_64 0.1.0 5.46 86.10 91.56 NOTE
r-release-linux-x86_64 0.1.0 6.13 86.99 93.12 NOTE
r-release-macos-arm64 0.1.0 46.00 NOTE
r-release-macos-x86_64 0.1.0 86.00 NOTE
r-release-windows-x86_64 0.1.0 12.00 92.00 104.00 NOTE
r-oldrel-macos-arm64 0.1.0 46.00 OK
r-oldrel-macos-x86_64 0.1.0 62.00 OK
r-oldrel-windows-x86_64 0.1.0 13.00 114.00 127.00 OK

Check Details

Version: 0.1.0
Check: DESCRIPTION meta-information
Result: NOTE Missing dependency on R >= 4.1.0 because package code uses the pipe |> or function shorthand \(...) syntax added in R 4.1.0. File(s) using such syntax: ‘oes_plot.Rd’ ‘oes_prep.R’ Flavors: r-devel-linux-x86_64-debian-clang, r-devel-linux-x86_64-debian-gcc, r-devel-linux-x86_64-fedora-clang, r-devel-linux-x86_64-fedora-gcc, r-devel-windows-x86_64, r-patched-linux-x86_64, r-release-linux-x86_64, r-release-macos-arm64, r-release-windows-x86_64

Version: 0.1.0
Check: examples
Result: NOTE Examples with CPU (user + system) or elapsed time > 5s user system elapsed oes_plot 5.906 0.259 7.848 Flavor: r-devel-linux-x86_64-debian-clang

Version: 0.1.0
Check: DESCRIPTION meta-information
Result: NOTE Missing dependency on R >= 4.1.0 because package code uses the pipe |> or function shorthand \(...) syntax added in R 4.1.0. File(s) using such syntax: ‘oes_prep.R’ Flavor: r-release-macos-x86_64