Last updated on 2025-04-30 04:50:13 CEST.
Flavor | Version | Tinstall | Tcheck | Ttotal | Status | Flags |
---|---|---|---|---|---|---|
r-devel-linux-x86_64-debian-clang | 0.1.2 | 13.36 | 164.50 | 177.86 | NOTE | |
r-devel-linux-x86_64-debian-gcc | 0.1.2 | 9.06 | 112.53 | 121.59 | NOTE | |
r-devel-linux-x86_64-fedora-clang | 0.1.2 | 281.95 | NOTE | |||
r-devel-linux-x86_64-fedora-gcc | 0.1.2 | 277.60 | NOTE | |||
r-devel-windows-x86_64 | 0.1.2 | 17.00 | 163.00 | 180.00 | NOTE | |
r-patched-linux-x86_64 | 0.1.2 | 13.98 | 153.30 | 167.28 | NOTE | |
r-release-linux-x86_64 | 0.1.2 | 12.03 | 153.01 | 165.04 | NOTE | |
r-release-macos-arm64 | 0.1.2 | 77.00 | NOTE | |||
r-release-macos-x86_64 | 0.1.2 | 148.00 | NOTE | |||
r-release-windows-x86_64 | 0.1.2 | 17.00 | 162.00 | 179.00 | NOTE | |
r-oldrel-macos-arm64 | 0.1.2 | 69.00 | OK | |||
r-oldrel-macos-x86_64 | 0.1.2 | 109.00 | OK | |||
r-oldrel-windows-x86_64 | 0.1.2 | 20.00 | 214.00 | 234.00 | OK |
Version: 0.1.2
Check: DESCRIPTION meta-information
Result: NOTE
Missing dependency on R >= 4.1.0 because package code uses the pipe
|> or function shorthand \(...) syntax added in R 4.1.0.
File(s) using such syntax:
‘assign_rates.R’ ‘diagnose.R’ ‘utility_spatial.R’
‘write_trial_files.R’
Flavors: r-devel-linux-x86_64-debian-clang, r-devel-linux-x86_64-debian-gcc, r-devel-linux-x86_64-fedora-clang, r-devel-linux-x86_64-fedora-gcc, r-devel-windows-x86_64, r-patched-linux-x86_64, r-release-linux-x86_64, r-release-macos-arm64, r-release-macos-x86_64, r-release-windows-x86_64
Version: 0.1.2
Check: examples
Result: NOTE
Examples with CPU (user + system) or elapsed time > 5s
user system elapsed
check_ortho_with_chars 11.520 0.119 13.254
check_ortho_inputs 10.258 0.172 11.838
assign_rates_conditional 5.594 0.087 6.651
Flavor: r-devel-linux-x86_64-debian-clang
Version: 0.1.2
Check: examples
Result: NOTE
Examples with CPU (user + system) or elapsed time > 5s
user system elapsed
check_ortho_inputs 7.325 0.258 9.284
check_ortho_with_chars 6.960 0.095 9.439
assign_rates_conditional 3.849 0.086 5.005
Flavor: r-devel-linux-x86_64-debian-gcc