CRAN Package Check Results for Package ogrdbstats

Last updated on 2025-11-02 03:51:47 CET.

Flavor Version Tinstall Tcheck Ttotal Status Flags
r-devel-linux-x86_64-debian-clang 0.5.4 7.31 96.06 103.37 OK
r-devel-linux-x86_64-debian-gcc 0.5.4 4.57 67.73 72.30 OK
r-devel-linux-x86_64-fedora-clang 0.5.4 42.00 132.83 174.83 OK
r-devel-linux-x86_64-fedora-gcc 0.5.4 76.00 109.52 185.52 OK
r-devel-windows-x86_64 0.5.4 10.00 99.00 109.00 OK
r-patched-linux-x86_64 0.5.4 0.26 1.95 2.21 ERROR
r-release-linux-x86_64 0.5.4 7.43 89.42 96.85 OK
r-release-macos-arm64 0.5.4 3.00 39.00 42.00 OK
r-release-macos-x86_64 0.5.4 6.00 65.00 71.00 OK
r-release-windows-x86_64 0.5.4 11.00 97.00 108.00 OK
r-oldrel-macos-arm64 0.5.4 3.00 44.00 47.00 OK
r-oldrel-macos-x86_64 0.5.4 6.00 77.00 83.00 OK
r-oldrel-windows-x86_64 0.5.4 13.00 125.00 138.00 OK

Check Details

Version: 0.5.4
Check: package dependencies
Result: ERROR Packages required but not available: 'tigger', 'alakazam' See section ‘The DESCRIPTION file’ in the ‘Writing R Extensions’ manual. Flavor: r-patched-linux-x86_64