CRAN Package Check Results for Package ohsome

Last updated on 2025-04-30 04:50:13 CEST.

Flavor Version Tinstall Tcheck Ttotal Status Flags
r-devel-linux-x86_64-debian-clang 0.2.2 4.65 79.59 84.24 NOTE
r-devel-linux-x86_64-debian-gcc 0.2.2 3.66 57.87 61.53 NOTE
r-devel-linux-x86_64-fedora-clang 0.2.2 122.72 NOTE
r-devel-linux-x86_64-fedora-gcc 0.2.2 142.12 NOTE
r-devel-windows-x86_64 0.2.2 7.00 97.00 104.00 NOTE
r-patched-linux-x86_64 0.2.2 5.13 76.42 81.55 NOTE
r-release-linux-x86_64 0.2.2 3.86 75.68 79.54 NOTE
r-release-macos-arm64 0.2.2 62.00 NOTE
r-release-macos-x86_64 0.2.2 105.00 OK
r-release-windows-x86_64 0.2.2 7.00 96.00 103.00 NOTE
r-oldrel-macos-arm64 0.2.2 66.00 OK
r-oldrel-macos-x86_64 0.2.2 86.00 OK
r-oldrel-windows-x86_64 0.2.2 8.00 114.00 122.00 OK

Check Details

Version: 0.2.2
Check: DESCRIPTION meta-information
Result: NOTE Missing dependency on R >= 4.1.0 because package code uses the pipe |> or function shorthand \(...) syntax added in R 4.1.0. File(s) using such syntax: ‘set_parameters.Rd’ Flavors: r-devel-linux-x86_64-debian-clang, r-devel-linux-x86_64-debian-gcc, r-devel-linux-x86_64-fedora-clang, r-devel-linux-x86_64-fedora-gcc, r-devel-windows-x86_64, r-patched-linux-x86_64, r-release-linux-x86_64, r-release-macos-arm64, r-release-windows-x86_64

Version: 0.2.2
Check: R code for possible problems
Result: NOTE .onAttach: no visible binding for global variable ‘ohsome_metadata’ Undefined global functions or variables: ohsome_metadata Flavor: r-release-macos-arm64