CRAN Package Check Results for Package oii

Last updated on 2025-04-30 04:50:13 CEST.

Flavor Version Tinstall Tcheck Ttotal Status Flags
r-devel-linux-x86_64-debian-clang 1.0.2.1 2.30 28.30 30.60 NOTE
r-devel-linux-x86_64-debian-gcc 1.0.2.1 1.59 22.31 23.90 OK
r-devel-linux-x86_64-fedora-clang 1.0.2.1 45.31 OK
r-devel-linux-x86_64-fedora-gcc 1.0.2.1 44.32 OK
r-devel-windows-x86_64 1.0.2.1 4.00 52.00 56.00 OK
r-patched-linux-x86_64 1.0.2.1 2.33 26.59 28.92 OK
r-release-linux-x86_64 1.0.2.1 2.25 27.09 29.34 OK
r-release-macos-arm64 1.0.2.1 35.00 OK
r-release-macos-x86_64 1.0.2.1 32.00 OK
r-release-windows-x86_64 1.0.2.1 5.00 49.00 54.00 OK
r-oldrel-macos-arm64 1.0.2.1 20.00 NOTE
r-oldrel-macos-x86_64 1.0.2.1 25.00 NOTE
r-oldrel-windows-x86_64 1.0.2.1 5.00 55.00 60.00 NOTE

Check Details

Version: 1.0.2.1
Check: examples
Result: NOTE Examples with CPU (user + system) or elapsed time > 5s user system elapsed oii.xtab 3.986 0.316 5.348 Flavor: r-devel-linux-x86_64-debian-clang

Version: 1.0.2.1
Check: LazyData
Result: NOTE 'LazyData' is specified without a 'data' directory Flavors: r-oldrel-macos-arm64, r-oldrel-macos-x86_64, r-oldrel-windows-x86_64