Last updated on 2025-04-30 04:50:13 CEST.
Flavor | Version | Tinstall | Tcheck | Ttotal | Status | Flags |
---|---|---|---|---|---|---|
r-devel-linux-x86_64-debian-clang | 0.2.3 | 6.08 | 230.54 | 236.62 | NOTE | |
r-devel-linux-x86_64-debian-gcc | 0.2.3 | 4.38 | 145.90 | 150.28 | NOTE | |
r-devel-linux-x86_64-fedora-clang | 0.2.3 | 405.49 | NOTE | |||
r-devel-linux-x86_64-fedora-gcc | 0.2.3 | 392.23 | NOTE | |||
r-devel-windows-x86_64 | 0.2.3 | 9.00 | 212.00 | 221.00 | NOTE | |
r-patched-linux-x86_64 | 0.2.3 | 6.18 | 214.48 | 220.66 | NOTE | |
r-release-linux-x86_64 | 0.2.3 | 5.64 | 213.76 | 219.40 | NOTE | |
r-release-macos-arm64 | 0.2.3 | 161.00 | NOTE | |||
r-release-macos-x86_64 | 0.2.3 | 156.00 | OK | |||
r-release-windows-x86_64 | 0.2.3 | 9.00 | 209.00 | 218.00 | NOTE | |
r-oldrel-macos-arm64 | 0.2.3 | 109.00 | OK | |||
r-oldrel-macos-x86_64 | 0.2.3 | 226.00 | OK | |||
r-oldrel-windows-x86_64 | 0.2.3 | 11.00 | 275.00 | 286.00 | OK |
Version: 0.2.3
Check: DESCRIPTION meta-information
Result: NOTE
Missing dependency on R >= 4.2.0 because package code uses the pipe
placeholder syntax added in R 4.2.0.
File(s) using such syntax:
‘01-opIndicators.R’
Flavors: r-devel-linux-x86_64-debian-clang, r-devel-linux-x86_64-debian-gcc, r-devel-linux-x86_64-fedora-clang, r-devel-linux-x86_64-fedora-gcc, r-devel-windows-x86_64, r-patched-linux-x86_64, r-release-linux-x86_64, r-release-macos-arm64, r-release-windows-x86_64
Version: 0.2.3
Check: examples
Result: NOTE
Examples with CPU (user + system) or elapsed time > 5s
user system elapsed
chart_op 6.958 0.277 9.393
report_op_html 6.725 0.051 10.277
report_op_docx 6.296 0.070 8.410
report_op_odt 6.249 0.043 8.344
estimate_op 5.769 0.047 8.266
report_op 5.792 0.023 7.139
merge_op 5.627 0.020 7.884
Flavor: r-devel-linux-x86_64-debian-clang
Version: 0.2.3
Check: examples
Result: NOTE
Examples with CPU (user + system) or elapsed time > 5s
user system elapsed
chart_op 4.917 0.092 6.136
report_op_html 4.444 0.065 5.071
Flavor: r-devel-linux-x86_64-debian-gcc