Last updated on 2025-04-30 04:50:13 CEST.
Flavor | Version | Tinstall | Tcheck | Ttotal | Status | Flags |
---|---|---|---|---|---|---|
r-devel-linux-x86_64-debian-clang | 0.6.1 | 12.84 | 312.82 | 325.66 | NOTE | |
r-devel-linux-x86_64-debian-gcc | 0.6.1 | 8.09 | 213.03 | 221.12 | OK | |
r-devel-linux-x86_64-fedora-clang | 0.6.1 | 498.07 | OK | |||
r-devel-linux-x86_64-fedora-gcc | 0.6.1 | 499.50 | OK | |||
r-devel-windows-x86_64 | 0.6.1 | 14.00 | 313.00 | 327.00 | OK | |
r-patched-linux-x86_64 | 0.6.1 | 13.78 | 302.36 | 316.14 | OK | |
r-release-linux-x86_64 | 0.6.1 | 12.37 | 301.26 | 313.63 | OK | |
r-release-macos-arm64 | 0.6.1 | 138.00 | OK | |||
r-release-macos-x86_64 | 0.6.1 | 268.00 | OK | |||
r-release-windows-x86_64 | 0.6.1 | 16.00 | 312.00 | 328.00 | OK | |
r-oldrel-macos-arm64 | 0.6.1 | 126.00 | OK | |||
r-oldrel-macos-x86_64 | 0.6.1 | 187.00 | OK | |||
r-oldrel-windows-x86_64 | 0.6.1 | 19.00 | 408.00 | 427.00 | OK |
Version: 0.6.1
Check: examples
Result: NOTE
Examples with CPU (user + system) or elapsed time > 5s
user system elapsed
ols_step_forward_r2 5.848 0.087 7.122
ols_step_forward_sbic 5.159 0.035 5.596
ols_step_forward_adj_r2 5.002 0.059 5.558
ols_step_forward_aic 4.928 0.004 5.047
ols_step_forward_p 4.848 0.009 5.152
ols_step_forward_sbc 4.772 0.012 5.425
ols_plot_diagnostics 4.100 0.014 5.221
Flavor: r-devel-linux-x86_64-debian-clang