CRAN Package Check Results for Package onbrand

Last updated on 2025-04-30 04:50:13 CEST.

Flavor Version Tinstall Tcheck Ttotal Status Flags
r-devel-linux-x86_64-debian-clang 1.0.6 9.35 92.02 101.37 NOTE
r-devel-linux-x86_64-debian-gcc 1.0.6 7.77 66.49 74.26 NOTE
r-devel-linux-x86_64-fedora-clang 1.0.6 150.97 NOTE
r-devel-linux-x86_64-fedora-gcc 1.0.6 158.08 NOTE
r-devel-windows-x86_64 1.0.6 13.00 105.00 118.00 NOTE
r-patched-linux-x86_64 1.0.6 9.50 86.84 96.34 NOTE
r-release-linux-x86_64 1.0.6 9.29 86.60 95.89 NOTE
r-release-macos-arm64 1.0.6 64.00 NOTE
r-release-macos-x86_64 1.0.6 95.00 NOTE
r-release-windows-x86_64 1.0.6 11.00 104.00 115.00 NOTE
r-oldrel-macos-arm64 1.0.6 55.00 OK
r-oldrel-macos-x86_64 1.0.6 92.00 OK
r-oldrel-windows-x86_64 1.0.6 14.00 137.00 151.00 OK

Check Details

Version: 1.0.6
Check: DESCRIPTION meta-information
Result: NOTE Missing dependency on R >= 4.1.0 because package code uses the pipe |> or function shorthand \(...) syntax added in R 4.1.0. File(s) using such syntax: ‘span_table.R’ Flavors: r-devel-linux-x86_64-debian-clang, r-devel-linux-x86_64-debian-gcc, r-devel-linux-x86_64-fedora-clang, r-devel-linux-x86_64-fedora-gcc, r-devel-windows-x86_64, r-patched-linux-x86_64, r-release-linux-x86_64, r-release-macos-arm64, r-release-macos-x86_64, r-release-windows-x86_64