Last updated on 2025-02-21 03:52:21 CET.
Flavor | Version | Tinstall | Tcheck | Ttotal | Status | Flags |
---|---|---|---|---|---|---|
r-devel-linux-x86_64-debian-clang | 1.0.6 | 10.21 | 87.00 | 97.21 | NOTE | |
r-devel-linux-x86_64-debian-gcc | 1.0.6 | 5.79 | 59.89 | 65.68 | NOTE | |
r-devel-linux-x86_64-fedora-clang | 1.0.6 | 150.50 | NOTE | |||
r-devel-linux-x86_64-fedora-gcc | 1.0.6 | 156.42 | NOTE | |||
r-devel-macos-arm64 | 1.0.6 | 54.00 | OK | |||
r-devel-macos-x86_64 | 1.0.6 | 101.00 | NOTE | |||
r-devel-windows-x86_64 | 1.0.6 | 11.00 | 107.00 | 118.00 | NOTE | |
r-patched-linux-x86_64 | 1.0.6 | 9.44 | 79.63 | 89.07 | OK | |
r-release-linux-x86_64 | 1.0.6 | 8.79 | 79.33 | 88.12 | OK | |
r-release-macos-arm64 | 1.0.6 | 55.00 | OK | |||
r-release-macos-x86_64 | 1.0.6 | 92.00 | OK | |||
r-release-windows-x86_64 | 1.0.6 | 11.00 | 102.00 | 113.00 | OK | |
r-oldrel-macos-arm64 | 1.0.6 | 56.00 | OK | |||
r-oldrel-macos-x86_64 | 1.0.6 | 100.00 | OK | |||
r-oldrel-windows-x86_64 | 1.0.6 | 14.00 | 149.00 | 163.00 | OK |
Version: 1.0.6
Check: DESCRIPTION meta-information
Result: NOTE
Missing dependency on R >= 4.1.0 because package code uses the pipe
|> or function shorthand \(...) syntax added in R 4.1.0.
File(s) using such syntax:
‘span_table.R’
Flavors: r-devel-linux-x86_64-debian-clang, r-devel-linux-x86_64-debian-gcc, r-devel-linux-x86_64-fedora-clang, r-devel-linux-x86_64-fedora-gcc, r-devel-macos-x86_64, r-devel-windows-x86_64