Last updated on 2025-04-30 04:50:13 CEST.
Flavor | Version | Tinstall | Tcheck | Ttotal | Status | Flags |
---|---|---|---|---|---|---|
r-devel-linux-x86_64-debian-clang | 0.1-2 | 2.72 | 36.35 | 39.07 | NOTE | |
r-devel-linux-x86_64-debian-gcc | 0.1-2 | 2.03 | 28.36 | 30.39 | NOTE | |
r-devel-linux-x86_64-fedora-clang | 0.1-2 | 121.20 | OK | |||
r-devel-linux-x86_64-fedora-gcc | 0.1-2 | 72.89 | OK | |||
r-devel-windows-x86_64 | 0.1-2 | 3.00 | 71.00 | 74.00 | NOTE | |
r-patched-linux-x86_64 | 0.1-2 | 2.86 | 34.37 | 37.23 | NOTE | |
r-release-linux-x86_64 | 0.1-2 | 2.63 | 65.80 | 68.43 | NOTE | |
r-release-macos-arm64 | 0.1-2 | 25.00 | OK | |||
r-release-macos-x86_64 | 0.1-2 | 59.00 | OK | |||
r-release-windows-x86_64 | 0.1-2 | 4.00 | 71.00 | 75.00 | NOTE | |
r-oldrel-macos-arm64 | 0.1-2 | 26.00 | OK | |||
r-oldrel-macos-x86_64 | 0.1-2 | 41.00 | OK | |||
r-oldrel-windows-x86_64 | 0.1-2 | 4.00 | 73.00 | 77.00 | OK |
Version: 0.1-2
Check: Rd cross-references
Result: NOTE
Found the following Rd file(s) with Rd \link{} targets missing package
anchors:
onls.Rd: nls.lm.control, nls.lm
Please provide package anchors for all Rd \link{} targets not in the
package itself and the base packages.
Flavors: r-devel-linux-x86_64-debian-clang, r-devel-linux-x86_64-debian-gcc, r-devel-windows-x86_64, r-patched-linux-x86_64, r-release-linux-x86_64, r-release-windows-x86_64