CRAN Package Check Results for Package ontoFAST

Last updated on 2025-04-30 04:50:13 CEST.

Flavor Version Tinstall Tcheck Ttotal Status Flags
r-devel-linux-x86_64-debian-clang 1.0.0 6.67 56.79 63.46 NOTE
r-devel-linux-x86_64-debian-gcc 1.0.0 5.99 40.40 46.39 NOTE
r-devel-linux-x86_64-fedora-clang 1.0.0 98.24 OK
r-devel-linux-x86_64-fedora-gcc 1.0.0 93.90 OK
r-devel-windows-x86_64 1.0.0 8.00 79.00 87.00 OK
r-patched-linux-x86_64 1.0.0 7.84 51.77 59.61 OK
r-release-linux-x86_64 1.0.0 6.56 52.83 59.39 OK
r-release-macos-arm64 1.0.0 32.00 OK
r-release-macos-x86_64 1.0.0 53.00 OK
r-release-windows-x86_64 1.0.0 9.00 76.00 85.00 OK
r-oldrel-macos-arm64 1.0.0 28.00 OK
r-oldrel-macos-x86_64 1.0.0 46.00 OK
r-oldrel-windows-x86_64 1.0.0 11.00 87.00 98.00 OK

Additional issues

donttest

Check Details

Version: 1.0.0
Check: CRAN incoming feasibility
Result: NOTE Maintainer: ‘Sergei Tarasov <sergei.tarasov@helsinki.fi>’ No Authors@R field in DESCRIPTION. Please add one, modifying Authors@R: person(given = "Sergei", family = "Tarasov", role = c("aut", "cre"), email = "sergei.tarasov@helsinki.fi") as necessary. Flavors: r-devel-linux-x86_64-debian-clang, r-devel-linux-x86_64-debian-gcc