CRAN Package Check Results for Package ontologySimilarity

Last updated on 2025-11-03 03:49:49 CET.

Flavor Version Tinstall Tcheck Ttotal Status Flags
r-devel-linux-x86_64-debian-clang 2.7 30.63 223.44 254.07 NOTE
r-devel-linux-x86_64-debian-gcc 2.7 21.14 167.79 188.93 NOTE
r-devel-linux-x86_64-fedora-clang 2.7 63.00 330.38 393.38 OK
r-devel-linux-x86_64-fedora-gcc 2.7 68.00 286.52 354.52 OK
r-devel-windows-x86_64 2.7 37.00 233.00 270.00 OK
r-patched-linux-x86_64 2.7 32.76 202.15 234.91 OK
r-release-linux-x86_64 2.7 31.51 202.12 233.63 OK
r-release-macos-arm64 2.7 11.00 140.00 151.00 OK
r-release-macos-x86_64 2.7 11.00 467.00 478.00 OK
r-release-windows-x86_64 2.7 36.00 227.00 263.00 OK
r-oldrel-macos-arm64 2.7 13.00 104.00 117.00 OK
r-oldrel-macos-x86_64 2.7 12.00 148.00 160.00 OK
r-oldrel-windows-x86_64 2.7 39.00 282.00 321.00 OK

Check Details

Version: 2.7
Check: CRAN incoming feasibility
Result: NOTE Maintainer: ‘Daniel Greene <dg333@cam.ac.uk>’ No Authors@R field in DESCRIPTION. Please add one, modifying Authors@R: person(given = "Daniel", family = "Greene", role = c("aut", "cre"), email = "dg333@cam.ac.uk") as necessary. Flavors: r-devel-linux-x86_64-debian-clang, r-devel-linux-x86_64-debian-gcc