Last updated on 2025-04-30 04:50:13 CEST.
Flavor | Version | Tinstall | Tcheck | Ttotal | Status | Flags |
---|---|---|---|---|---|---|
r-devel-linux-x86_64-debian-clang | 1.1.3 | 15.97 | 147.19 | 163.16 | NOTE | |
r-devel-linux-x86_64-debian-gcc | 1.1.3 | 11.51 | 102.05 | 113.56 | OK | |
r-devel-linux-x86_64-fedora-clang | 1.1.3 | 249.09 | OK | |||
r-devel-linux-x86_64-fedora-gcc | 1.1.3 | 232.64 | OK | |||
r-devel-windows-x86_64 | 1.1.3 | 18.00 | 165.00 | 183.00 | OK | |
r-patched-linux-x86_64 | 1.1.3 | 17.55 | 138.78 | 156.33 | OK | |
r-release-linux-x86_64 | 1.1.3 | 15.92 | 137.79 | 153.71 | OK | |
r-release-macos-arm64 | 1.1.3 | 63.00 | OK | |||
r-release-macos-x86_64 | 1.1.3 | 135.00 | OK | |||
r-release-windows-x86_64 | 1.1.3 | 18.00 | 160.00 | 178.00 | OK | |
r-oldrel-macos-arm64 | 1.1.3 | 59.00 | OK | |||
r-oldrel-macos-x86_64 | 1.1.3 | 93.00 | OK | |||
r-oldrel-windows-x86_64 | 1.1.3 | 22.00 | 198.00 | 220.00 | OK |
Version: 1.1.3
Check: examples
Result: NOTE
Examples with CPU (user + system) or elapsed time > 5s
user system elapsed
paramo 5.855 0.041 6.568
Flavor: r-devel-linux-x86_64-debian-clang