Last updated on 2025-04-30 04:50:13 CEST.
Flavor | Version | Tinstall | Tcheck | Ttotal | Status | Flags |
---|---|---|---|---|---|---|
r-devel-linux-x86_64-debian-clang | 1.0.11 | 6.77 | 612.75 | 619.52 | NOTE | |
r-devel-linux-x86_64-debian-gcc | 1.0.11 | 5.25 | 455.04 | 460.29 | NOTE | |
r-devel-linux-x86_64-fedora-clang | 1.0.11 | 1005.44 | OK | |||
r-devel-linux-x86_64-fedora-gcc | 1.0.11 | 998.44 | OK | |||
r-devel-windows-x86_64 | 1.0.11 | 7.00 | 401.00 | 408.00 | OK | |
r-patched-linux-x86_64 | 1.0.11 | 6.82 | 608.69 | 615.51 | OK | |
r-release-linux-x86_64 | 1.0.11 | 6.84 | 611.11 | 617.95 | OK | |
r-release-macos-arm64 | 1.0.11 | 220.00 | OK | |||
r-release-macos-x86_64 | 1.0.11 | 417.00 | OK | |||
r-release-windows-x86_64 | 1.0.11 | 8.00 | 408.00 | 416.00 | OK | |
r-oldrel-macos-arm64 | 1.0.11 | 195.00 | OK | |||
r-oldrel-macos-x86_64 | 1.0.11 | 290.00 | OK | |||
r-oldrel-windows-x86_64 | 1.0.11 | 10.00 | 532.00 | 542.00 | OK |
Version: 1.0.11
Check: CRAN incoming feasibility
Result: NOTE
Maintainer: ‘Stijn Hawinkel <stijn.hawinkel@psb.ugent.be>’
The BugReports field in DESCRIPTION has
https://github.com/sthawinke/oosse
which should likely be
https://github.com/sthawinke/oosse/issues
instead.
Flavors: r-devel-linux-x86_64-debian-clang, r-devel-linux-x86_64-debian-gcc