CRAN Package Check Results for Package oottest

Last updated on 2025-04-30 04:50:13 CEST.

Flavor Version Tinstall Tcheck Ttotal Status Flags
r-devel-linux-x86_64-debian-clang 0.9.1 1.69 31.30 32.99 NOTE
r-devel-linux-x86_64-debian-gcc 0.9.1 1.49 23.32 24.81 NOTE
r-devel-linux-x86_64-fedora-clang 0.9.1 52.20 OK
r-devel-linux-x86_64-fedora-gcc 0.9.1 63.00 OK
r-devel-windows-x86_64 0.9.1 3.00 54.00 57.00 OK
r-patched-linux-x86_64 0.9.1 1.90 28.05 29.95 OK
r-release-linux-x86_64 0.9.1 1.82 28.37 30.19 OK
r-release-macos-arm64 0.9.1 24.00 OK
r-release-macos-x86_64 0.9.1 51.00 OK
r-release-windows-x86_64 0.9.1 2.00 54.00 56.00 OK
r-oldrel-macos-arm64 0.9.1 23.00 OK
r-oldrel-macos-x86_64 0.9.1 35.00 OK
r-oldrel-windows-x86_64 0.9.1 3.00 56.00 59.00 OK

Check Details

Version: 0.9.1
Check: CRAN incoming feasibility
Result: NOTE Maintainer: ‘Philipp Külpmann <philipp@kuelpmann.org>’ Package CITATION file contains call(s) to old-style citEntry(). Please use bibentry() instead. Flavors: r-devel-linux-x86_64-debian-clang, r-devel-linux-x86_64-debian-gcc