CRAN Package Check Results for Package opGMMassessment

Last updated on 2025-04-30 04:50:13 CEST.

Flavor Version Tinstall Tcheck Ttotal Status Flags
r-devel-linux-x86_64-debian-clang 0.4 17.37 128.29 145.66 NOTE
r-devel-linux-x86_64-debian-gcc 0.4 12.96 91.62 104.58 NOTE
r-devel-linux-x86_64-fedora-clang 0.4 221.00 OK
r-devel-linux-x86_64-fedora-gcc 0.4 201.07 OK
r-devel-windows-x86_64 0.4 17.00 125.00 142.00 OK
r-patched-linux-x86_64 0.4 17.35 121.78 139.13 OK
r-release-linux-x86_64 0.4 14.56 120.93 135.49 OK
r-release-macos-arm64 0.4 5.00 ERROR
r-release-macos-x86_64 0.4 6.00 ERROR
r-release-windows-x86_64 0.4 18.00 125.00 143.00 OK
r-oldrel-macos-arm64 0.4 9.00 ERROR
r-oldrel-macos-x86_64 0.4 11.00 ERROR
r-oldrel-windows-x86_64 0.4 23.00 153.00 176.00 OK

Check Details

Version: 0.4
Check: CRAN incoming feasibility
Result: NOTE Maintainer: ‘Jorn Lotsch <j.lotsch@em.uni-frankfurt.de>’ No Authors@R field in DESCRIPTION. Please add one, modifying Authors@R: c(person(given = "Jorn", family = "Lotsch", role = c("aut", "cre"), email = "j.lotsch@em.uni-frankfurt.de", comment = c(ORCID = "0000-0002-5818-6958")), person(given = "Sebastian", family = "Malkusch", role = "aut", comment = c(ORCID = "0000-0001-6766-140X")), person(given = "Martin", family = "Maechler", role = "ctb"), person(given = "Peter", family = "Rousseeuw", role = "ctb"), person(given = "Anja", family = "Struyf", role = "ctb"), person(given = "Mia", family = "Hubert", role = "ctb"), person(given = "Kurt", family = "Hornik", role = "ctb")) as necessary. Flavors: r-devel-linux-x86_64-debian-clang, r-devel-linux-x86_64-debian-gcc

Version: 0.4
Check: package dependencies
Result: ERROR Package required but not available: ‘mixAK’ See section ‘The DESCRIPTION file’ in the ‘Writing R Extensions’ manual. Flavors: r-release-macos-arm64, r-release-macos-x86_64, r-oldrel-macos-arm64, r-oldrel-macos-x86_64