CRAN Package Check Results for Package openFDA

Last updated on 2025-02-21 03:52:21 CET.

Flavor Version Tinstall Tcheck Ttotal Status Flags
r-devel-linux-x86_64-debian-clang 0.1.0 1.82 28.82 30.64 NOTE
r-devel-linux-x86_64-debian-gcc 0.1.0 1.31 22.55 23.86 NOTE
r-devel-linux-x86_64-fedora-clang 0.1.0 50.11 NOTE
r-devel-linux-x86_64-fedora-gcc 0.1.0 64.84 NOTE
r-devel-macos-arm64 0.1.0 42.00 OK
r-devel-macos-x86_64 0.1.0 60.00 NOTE
r-devel-windows-x86_64 0.1.0 3.00 57.00 60.00 NOTE
r-patched-linux-x86_64 0.1.0 2.10 27.57 29.67 OK
r-release-linux-x86_64 0.1.0 1.89 27.24 29.13 OK
r-release-macos-arm64 0.1.0 36.00 OK
r-release-macos-x86_64 0.1.0 59.00 OK
r-release-windows-x86_64 0.1.0 4.00 58.00 62.00 OK
r-oldrel-macos-arm64 0.1.0 54.00 OK
r-oldrel-macos-x86_64 0.1.0 78.00 OK
r-oldrel-windows-x86_64 0.1.0 4.00 57.00 61.00 OK

Check Details

Version: 0.1.0
Check: DESCRIPTION meta-information
Result: NOTE Missing dependency on R >= 4.1.0 because package code uses the pipe |> or function shorthand \(...) syntax added in R 4.1.0. File(s) using such syntax: ‘format_search_term.R’ ‘openFDA.R’ Flavors: r-devel-linux-x86_64-debian-clang, r-devel-linux-x86_64-debian-gcc, r-devel-linux-x86_64-fedora-clang, r-devel-linux-x86_64-fedora-gcc, r-devel-macos-x86_64, r-devel-windows-x86_64