Last updated on 2025-04-30 04:50:13 CEST.
Flavor | Version | Tinstall | Tcheck | Ttotal | Status | Flags |
---|---|---|---|---|---|---|
r-devel-linux-x86_64-debian-clang | 0.2-7 | 3.33 | 36.76 | 40.09 | NOTE | |
r-devel-linux-x86_64-debian-gcc | 0.2-7 | 2.44 | 28.64 | 31.08 | OK | |
r-devel-linux-x86_64-fedora-clang | 0.2-7 | 66.42 | OK | |||
r-devel-linux-x86_64-fedora-gcc | 0.2-7 | 62.86 | OK | |||
r-devel-windows-x86_64 | 0.2-7 | 5.00 | 54.00 | 59.00 | OK | |
r-patched-linux-x86_64 | 0.2-7 | 2.39 | 36.00 | 38.39 | OK | |
r-release-linux-x86_64 | 0.2-7 | 3.31 | 35.51 | 38.82 | OK | |
r-release-macos-arm64 | 0.2-7 | 26.00 | OK | |||
r-release-macos-x86_64 | 0.2-7 | 37.00 | OK | |||
r-release-windows-x86_64 | 0.2-7 | 4.00 | 57.00 | 61.00 | OK | |
r-oldrel-macos-arm64 | 0.2-7 | 23.00 | NOTE | |||
r-oldrel-macos-x86_64 | 0.2-7 | 32.00 | NOTE | |||
r-oldrel-windows-x86_64 | 0.2-7 | 6.00 | 59.00 | 65.00 | NOTE |
Version: 0.2-7
Check: examples
Result: NOTE
Examples with CPU (user + system) or elapsed time > 5s
user system elapsed
Maxent_POS_Tag_Annotator 5.167 0.153 2.515
Flavor: r-devel-linux-x86_64-debian-clang
Version: 0.2-7
Check: package dependencies
Result: NOTE
Package suggested but not available for checking: ‘openNLPmodels.en’
Flavors: r-oldrel-macos-arm64, r-oldrel-macos-x86_64, r-oldrel-windows-x86_64