CRAN Package Check Results for Package openappr

Last updated on 2025-02-21 03:52:21 CET.

Flavor Version Tinstall Tcheck Ttotal Status Flags
r-devel-linux-x86_64-debian-clang 0.2.0 1.85 26.13 27.98 OK
r-devel-linux-x86_64-debian-gcc 0.2.0 1.25 21.11 22.36 OK
r-devel-linux-x86_64-fedora-clang 0.2.0 45.46 NOTE
r-devel-linux-x86_64-fedora-gcc 0.2.0 56.80 NOTE
r-devel-macos-arm64 0.2.0 70.00 OK
r-devel-macos-x86_64 0.2.0 90.00 OK
r-devel-windows-x86_64 0.2.0 4.00 51.00 55.00 OK
r-patched-linux-x86_64 0.2.0 1.84 25.10 26.94 OK
r-release-linux-x86_64 0.2.0 1.75 24.54 26.29 OK
r-release-macos-arm64 0.2.0 61.00 OK
r-release-macos-x86_64 0.2.0 86.00 OK
r-release-windows-x86_64 0.2.0 5.00 52.00 57.00 OK
r-oldrel-macos-arm64 0.2.0 70.00 OK
r-oldrel-macos-x86_64 0.2.0 82.00 OK
r-oldrel-windows-x86_64 0.2.0 4.00 59.00 63.00 OK

Check Details

Version: 0.2.0
Check: dependencies in R code
Result: NOTE Namespaces in Imports field not imported from: ‘RSQLite’ ‘rlang’ ‘tidyr’ All declared Imports should be used. Flavors: r-devel-linux-x86_64-fedora-clang, r-devel-linux-x86_64-fedora-gcc