Last updated on 2025-02-21 03:52:21 CET.
Flavor | Version | Tinstall | Tcheck | Ttotal | Status | Flags |
---|---|---|---|---|---|---|
r-devel-linux-x86_64-debian-clang | 0.1.1 | 2.25 | 21.41 | 23.66 | OK | |
r-devel-linux-x86_64-debian-gcc | 0.1.1 | 1.73 | 17.40 | 19.13 | OK | |
r-devel-linux-x86_64-fedora-clang | 0.1.1 | 38.66 | NOTE | |||
r-devel-linux-x86_64-fedora-gcc | 0.1.1 | 49.99 | NOTE | |||
r-devel-macos-arm64 | 0.1.1 | 25.00 | OK | |||
r-devel-macos-x86_64 | 0.1.1 | 41.00 | OK | |||
r-devel-windows-x86_64 | 0.1.1 | 3.00 | 51.00 | 54.00 | OK | |
r-patched-linux-x86_64 | 0.1.1 | 2.42 | 20.68 | 23.10 | OK | |
r-release-linux-x86_64 | 0.1.1 | 2.20 | 20.55 | 22.75 | OK | |
r-release-macos-arm64 | 0.1.1 | 22.00 | OK | |||
r-release-macos-x86_64 | 0.1.1 | 32.00 | OK | |||
r-release-windows-x86_64 | 0.1.1 | 5.00 | 44.00 | 49.00 | OK | |
r-oldrel-macos-arm64 | 0.1.1 | 21.00 | OK | |||
r-oldrel-macos-x86_64 | 0.1.1 | 28.00 | OK | |||
r-oldrel-windows-x86_64 | 0.1.1 | 5.00 | 45.00 | 50.00 | OK |
Version: 0.1.1
Check: dependencies in R code
Result: NOTE
Namespaces in Imports field not imported from:
‘dplyr’ ‘glue’ ‘httpcode’ ‘httr’ ‘jsonlite’ ‘tidyr’
All declared Imports should be used.
Flavors: r-devel-linux-x86_64-fedora-clang, r-devel-linux-x86_64-fedora-gcc