CRAN Package Check Results for Package openblender

Last updated on 2025-04-30 04:50:13 CEST.

Flavor Version Tinstall Tcheck Ttotal Status Flags
r-devel-linux-x86_64-debian-clang 0.5.81 2.19 20.99 23.18 OK
r-devel-linux-x86_64-debian-gcc 0.5.81 1.65 17.43 19.08 OK
r-devel-linux-x86_64-fedora-clang 0.5.81 36.86 OK
r-devel-linux-x86_64-fedora-gcc 0.5.81 35.00 OK
r-devel-windows-x86_64 0.5.81 3.00 46.00 49.00 OK
r-patched-linux-x86_64 0.5.81 2.30 20.30 22.60 OK
r-release-linux-x86_64 0.5.81 1.99 20.32 22.31 OK
r-release-macos-arm64 0.5.81 18.00 OK
r-release-macos-x86_64 0.5.81 30.00 OK
r-release-windows-x86_64 0.5.81 4.00 45.00 49.00 OK
r-oldrel-macos-arm64 0.5.81 16.00 NOTE
r-oldrel-macos-x86_64 0.5.81 27.00 NOTE
r-oldrel-windows-x86_64 0.5.81 4.00 45.00 49.00 NOTE

Check Details

Version: 0.5.81
Check: LazyData
Result: NOTE 'LazyData' is specified without a 'data' directory Flavors: r-oldrel-macos-arm64, r-oldrel-macos-x86_64, r-oldrel-windows-x86_64