CRAN Package Check Results for Package opendotaR

Last updated on 2025-04-30 04:50:13 CEST.

Flavor Version Tinstall Tcheck Ttotal Status Flags
r-devel-linux-x86_64-debian-clang 0.1.4 1.69 18.17 19.86 NOTE
r-devel-linux-x86_64-debian-gcc 0.1.4 1.36 15.30 16.66 NOTE
r-devel-linux-x86_64-fedora-clang 0.1.4 29.46 NOTE
r-devel-linux-x86_64-fedora-gcc 0.1.4 27.83 NOTE
r-devel-windows-x86_64 0.1.4 3.00 41.00 44.00 OK
r-patched-linux-x86_64 0.1.4 1.68 16.23 17.91 OK
r-release-linux-x86_64 0.1.4 1.73 16.47 18.20 OK
r-release-macos-arm64 0.1.4 15.00 OK
r-release-macos-x86_64 0.1.4 23.00 OK
r-release-windows-x86_64 0.1.4 4.00 40.00 44.00 OK
r-oldrel-macos-arm64 0.1.4 14.00 NOTE
r-oldrel-macos-x86_64 0.1.4 20.00 NOTE
r-oldrel-windows-x86_64 0.1.4 4.00 40.00 44.00 NOTE

Check Details

Version: 0.1.4
Check: CRAN incoming feasibility
Result: NOTE Maintainer: ‘Kari Gunnarsson <kari.gunnarsson@outlook.com>’ No Authors@R field in DESCRIPTION. Please add one, modifying Authors@R: person(given = "Kari", family = "Gunnarsson", role = c("aut", "cre"), email = "kari.gunnarsson@outlook.com") as necessary. Flavors: r-devel-linux-x86_64-debian-clang, r-devel-linux-x86_64-debian-gcc

Version: 0.1.4
Check: dependencies in R code
Result: NOTE Namespace in Imports field not imported from: ‘dplyr’ All declared Imports should be used. Flavors: r-devel-linux-x86_64-fedora-clang, r-devel-linux-x86_64-fedora-gcc

Version: 0.1.4
Check: LazyData
Result: NOTE 'LazyData' is specified without a 'data' directory Flavors: r-oldrel-macos-arm64, r-oldrel-macos-x86_64, r-oldrel-windows-x86_64