CRAN Package Check Results for Package openmetrics

Last updated on 2025-07-05 04:50:21 CEST.

Flavor Version Tinstall Tcheck Ttotal Status Flags
r-devel-linux-x86_64-debian-clang 0.3.0 6.25 22.72 28.97 OK
r-devel-linux-x86_64-debian-gcc 0.3.0 4.40 19.03 23.43 OK
r-devel-linux-x86_64-fedora-clang 0.3.0 44.30 NOTE
r-devel-linux-x86_64-fedora-gcc 0.3.0 39.94 NOTE
r-devel-windows-x86_64 0.3.0 6.00 44.00 50.00 OK
r-patched-linux-x86_64 0.3.0 5.93 20.42 26.35 OK
r-release-linux-x86_64 0.3.0 5.46 20.48 25.94 OK
r-release-macos-arm64 0.3.0 20.00 OK
r-release-macos-x86_64 0.3.0 30.00 OK
r-release-windows-x86_64 0.3.0 7.00 41.00 48.00 OK
r-oldrel-macos-arm64 0.3.0 18.00 NOTE
r-oldrel-macos-x86_64 0.3.0 24.00 NOTE
r-oldrel-windows-x86_64 0.3.0 8.00 46.00 54.00 NOTE

Check Details

Version: 0.3.0
Check: dependencies in R code
Result: NOTE Namespace in Imports field not imported from: ‘R6’ All declared Imports should be used. Flavors: r-devel-linux-x86_64-fedora-clang, r-devel-linux-x86_64-fedora-gcc

Version: 0.3.0
Check: LazyData
Result: NOTE 'LazyData' is specified without a 'data' directory Flavors: r-oldrel-macos-arm64, r-oldrel-macos-x86_64, r-oldrel-windows-x86_64