CRAN Package Check Results for Package opitools

Last updated on 2025-04-30 04:50:13 CEST.

Flavor Version Tinstall Tcheck Ttotal Status Flags
r-devel-linux-x86_64-debian-clang 1.8.0 11.12 121.93 133.05 NOTE
r-devel-linux-x86_64-debian-gcc 1.8.0 7.67 86.47 94.14 NOTE
r-devel-linux-x86_64-fedora-clang 1.8.0 197.18 NOTE
r-devel-linux-x86_64-fedora-gcc 1.8.0 196.49 NOTE
r-devel-windows-x86_64 1.8.0 13.00 125.00 138.00 NOTE
r-patched-linux-x86_64 1.8.0 10.07 114.03 124.10 NOTE
r-release-linux-x86_64 1.8.0 11.29 110.34 121.63 NOTE
r-release-macos-arm64 1.8.0 62.00 NOTE
r-release-macos-x86_64 1.8.0 133.00 NOTE
r-release-windows-x86_64 1.8.0 13.00 125.00 138.00 NOTE
r-oldrel-macos-arm64 1.8.0 64.00 NOTE
r-oldrel-macos-x86_64 1.8.0 95.00 NOTE
r-oldrel-windows-x86_64 1.8.0 16.00 153.00 169.00 NOTE

Check Details

Version: 1.8.0
Check: CRAN incoming feasibility
Result: NOTE Maintainer: ‘Monsuru Adepeju <monsuur2010@yahoo.com>’ No Authors@R field in DESCRIPTION. Please add one, modifying Authors@R: c(person(given = "Monsuru", family = "Adepeju,", role = c("cre", "aut")), person(given = "Monsuru", family = "Adepeju", role = "cre", email = "monsuur2010@yahoo.com")) as necessary. The BugReports field in DESCRIPTION has https://github.com/MAnalytics/opitools/issues/1 which should likely be https://github.com/MAnalytics/opitools/issues/1/issues instead. Flavors: r-devel-linux-x86_64-debian-clang, r-devel-linux-x86_64-debian-gcc

Version: 1.8.0
Check: package subdirectories
Result: NOTE Problems with news in ‘NEWS.md’: No news entries found. Flavors: r-devel-linux-x86_64-debian-clang, r-devel-linux-x86_64-debian-gcc, r-devel-linux-x86_64-fedora-clang, r-devel-linux-x86_64-fedora-gcc, r-devel-windows-x86_64, r-patched-linux-x86_64, r-release-linux-x86_64, r-release-macos-arm64, r-release-macos-x86_64, r-release-windows-x86_64, r-oldrel-macos-arm64, r-oldrel-macos-x86_64, r-oldrel-windows-x86_64

Version: 1.8.0
Check: Rd files
Result: NOTE checkRd: (-1) word_imp.Rd:14: Lost braces 14 | number of individual records. An \code{n} x code{2} dataframe can | ^ Flavors: r-devel-linux-x86_64-debian-clang, r-devel-linux-x86_64-debian-gcc, r-devel-linux-x86_64-fedora-clang, r-devel-linux-x86_64-fedora-gcc, r-devel-windows-x86_64, r-patched-linux-x86_64, r-release-linux-x86_64, r-release-macos-arm64, r-release-macos-x86_64, r-release-windows-x86_64, r-oldrel-macos-arm64, r-oldrel-macos-x86_64, r-oldrel-windows-x86_64

Version: 1.8.0
Check: examples
Result: NOTE Examples with CPU (user + system) or elapsed time > 5s user system elapsed opi_impact 10.895 0.240 16.191 opi_sim 9.081 0.051 13.647 Flavor: r-devel-linux-x86_64-debian-clang

Version: 1.8.0
Check: examples
Result: NOTE Examples with CPU (user + system) or elapsed time > 5s user system elapsed opi_impact 7.012 1.013 9.646 opi_sim 5.784 0.155 7.168 Flavor: r-devel-linux-x86_64-debian-gcc