Last updated on 2025-04-30 04:50:13 CEST.
Flavor | Version | Tinstall | Tcheck | Ttotal | Status | Flags |
---|---|---|---|---|---|---|
r-devel-linux-x86_64-debian-clang | 1.0.4 | 157.03 | 152.16 | 309.19 | NOTE | |
r-devel-linux-x86_64-debian-gcc | 1.0.4 | 104.34 | 111.72 | 216.06 | NOTE | |
r-devel-linux-x86_64-fedora-clang | 1.0.4 | 618.67 | NOTE | |||
r-devel-linux-x86_64-fedora-gcc | 1.0.4 | 538.34 | NOTE | |||
r-devel-windows-x86_64 | 1.0.4 | 182.00 | 213.00 | 395.00 | NOTE | |
r-patched-linux-x86_64 | 1.0.4 | 152.09 | 143.65 | 295.74 | NOTE | |
r-release-linux-x86_64 | 1.0.4 | 149.53 | 143.43 | 292.96 | NOTE | |
r-release-macos-arm64 | 1.0.4 | 130.00 | NOTE | |||
r-release-macos-x86_64 | 1.0.4 | 209.00 | NOTE | |||
r-release-windows-x86_64 | 1.0.4 | 181.00 | 202.00 | 383.00 | NOTE | |
r-oldrel-macos-arm64 | 1.0.4 | 131.00 | NOTE | |||
r-oldrel-macos-x86_64 | 1.0.4 | 144.00 | NOTE | |||
r-oldrel-windows-x86_64 | 1.0.4 | 209.00 | 256.00 | 465.00 | NOTE |
Version: 1.0.4
Check: CRAN incoming feasibility
Result: NOTE
Maintainer: ‘Jeffrey O Hanson <jeffrey.hanson@uqconnect.edu.au>’
Package CITATION file contains call(s) to old-style personList() or
as.personList(). Please use c() on person objects instead.
Package CITATION file contains call(s) to old-style citEntry(). Please
use bibentry() instead.
Flavors: r-devel-linux-x86_64-debian-clang, r-devel-linux-x86_64-debian-gcc
Version: 1.0.4
Check: C++ specification
Result: NOTE
Specified C++11: please drop specification unless essential
Flavors: r-devel-linux-x86_64-debian-clang, r-devel-linux-x86_64-debian-gcc, r-devel-linux-x86_64-fedora-clang, r-devel-linux-x86_64-fedora-gcc, r-devel-windows-x86_64, r-patched-linux-x86_64, r-release-linux-x86_64, r-release-macos-arm64, r-release-macos-x86_64, r-release-windows-x86_64, r-oldrel-macos-arm64, r-oldrel-macos-x86_64, r-oldrel-windows-x86_64
Version: 1.0.4
Check: Rd cross-references
Result: NOTE
Found the following Rd file(s) with Rd \link{} targets missing package
anchors:
plot.ProjectProblem.Rd: ggplot
plot_feature_persistence.Rd: ggplot
Please provide package anchors for all Rd \link{} targets not in the
package itself and the base packages.
Flavors: r-devel-linux-x86_64-debian-clang, r-devel-linux-x86_64-debian-gcc, r-devel-windows-x86_64, r-patched-linux-x86_64, r-release-linux-x86_64, r-release-windows-x86_64
Version: 1.0.4
Check: package dependencies
Result: NOTE
Package suggested but not available for checking: ‘gurobi’
Flavors: r-oldrel-macos-arm64, r-oldrel-macos-x86_64, r-oldrel-windows-x86_64
Version: 1.0.4
Check: installed package size
Result: NOTE
installed size is 7.8Mb
sub-directories of 1Mb or more:
libs 6.2Mb
Flavors: r-oldrel-macos-arm64, r-oldrel-macos-x86_64