Last updated on 2025-04-30 04:50:13 CEST.
Flavor | Version | Tinstall | Tcheck | Ttotal | Status | Flags |
---|---|---|---|---|---|---|
r-devel-linux-x86_64-debian-clang | 2.0.9 | 111.70 | 237.61 | 349.31 | OK | |
r-devel-linux-x86_64-debian-gcc | 2.0.9 | 78.09 | 180.32 | 258.41 | OK | |
r-devel-linux-x86_64-fedora-clang | 2.0.9 | 614.87 | OK | |||
r-devel-linux-x86_64-fedora-gcc | 2.0.9 | 571.55 | OK | |||
r-devel-windows-x86_64 | 2.0.9 | 125.00 | 254.00 | 379.00 | OK | |
r-patched-linux-x86_64 | 2.0.9 | 103.41 | 224.28 | 327.69 | OK | |
r-release-linux-x86_64 | 2.0.9 | 100.84 | 224.66 | 325.50 | OK | |
r-release-macos-arm64 | 2.0.9 | 159.00 | OK | |||
r-release-macos-x86_64 | 2.0.9 | 249.00 | OK | |||
r-release-windows-x86_64 | 2.0.9 | 124.00 | 254.00 | 378.00 | OK | |
r-oldrel-macos-arm64 | 2.0.9 | 182.00 | NOTE | |||
r-oldrel-macos-x86_64 | 2.0.9 | 355.00 | NOTE | |||
r-oldrel-windows-x86_64 | 2.0.9 | 151.00 | 323.00 | 474.00 | OK |
Version: 2.0.9
Check: installed package size
Result: NOTE
installed size is 6.0Mb
sub-directories of 1Mb or more:
extdata 1.8Mb
libs 3.1Mb
Flavors: r-oldrel-macos-arm64, r-oldrel-macos-x86_64