CRAN Package Check Results for Package optmatch

Last updated on 2025-04-30 04:50:13 CEST.

Flavor Version Tinstall Tcheck Ttotal Status Flags
r-devel-linux-x86_64-debian-clang 0.10.8 37.48 205.85 243.33 ERROR
r-devel-linux-x86_64-debian-gcc 0.10.8 24.97 134.33 159.30 ERROR
r-devel-linux-x86_64-fedora-clang 0.10.8 423.71 ERROR
r-devel-linux-x86_64-fedora-gcc 0.10.8 451.52 ERROR
r-devel-windows-x86_64 0.10.8 47.00 224.00 271.00 ERROR
r-patched-linux-x86_64 0.10.8 37.21 198.02 235.23 OK
r-release-linux-x86_64 0.10.8 38.65 197.52 236.17 OK
r-release-macos-arm64 0.10.8 191.00 OK
r-release-macos-x86_64 0.10.8 216.00 OK
r-release-windows-x86_64 0.10.8 47.00 210.00 257.00 OK
r-oldrel-macos-arm64 0.10.8 110.00 NOTE
r-oldrel-macos-x86_64 0.10.8 225.00 NOTE
r-oldrel-windows-x86_64 0.10.8 54.00 287.00 341.00 NOTE

Check Details

Version: 0.10.8
Check: examples
Result: NOTE Examples with CPU (user + system) or elapsed time > 5s user system elapsed fullmatch 4.577 0.13 5.873 Flavor: r-devel-linux-x86_64-debian-clang

Version: 0.10.8
Check: re-building of vignette outputs
Result: ERROR Error(s) in re-building vignettes: ... --- re-building ‘fullmatch-vignette.Rmd’ using rmarkdown Quitting from fullmatch-vignette.Rmd:319-323 [unnamed-chunk-31] ~~~~~~~~~~~~~~~~~~~~~~~~~~~~~~~~~~~~~~~~~~~~~~~~~~~~~~~~~~~~~~~~~~~~~~~~~~~~~~~~ <error/rlang_error> Error in `strataAligned[[1]]`: ! subscript out of bounds --- Backtrace: ▆ 1. └─RItools::balanceTest(pr ~ cap + t2 + strata(pm) - 1, data = nuke.nopt) ~~~~~~~~~~~~~~~~~~~~~~~~~~~~~~~~~~~~~~~~~~~~~~~~~~~~~~~~~~~~~~~~~~~~~~~~~~~~~~~~ Error: processing vignette 'fullmatch-vignette.Rmd' failed with diagnostics: subscript out of bounds --- failed re-building ‘fullmatch-vignette.Rmd’ --- re-building ‘matching-from-foreign-software.Rmd’ using rmarkdown --- finished re-building ‘matching-from-foreign-software.Rmd’ --- re-building ‘matching-within-subgroups.Rmd’ using rmarkdown --- finished re-building ‘matching-within-subgroups.Rmd’ SUMMARY: processing the following file failed: ‘fullmatch-vignette.Rmd’ Error: Vignette re-building failed. Execution halted Flavors: r-devel-linux-x86_64-debian-clang, r-devel-linux-x86_64-debian-gcc

Version: 0.10.8
Check: re-building of vignette outputs
Result: ERROR Error(s) in re-building vignettes: --- re-building ‘fullmatch-vignette.Rmd’ using rmarkdown Quitting from fullmatch-vignette.Rmd:319-323 [unnamed-chunk-31] ~~~~~~~~~~~~~~~~~~~~~~~~~~~~~~~~~~~~~~~~~~~~~~~~~~~~~~~~~~~~~~~~~~~~~~~~~~~~~~~~ <error/rlang_error> Error in `strataAligned[[1]]`: ! subscript out of bounds --- Backtrace: ▆ 1. └─RItools::balanceTest(pr ~ cap + t2 + strata(pm) - 1, data = nuke.nopt) ~~~~~~~~~~~~~~~~~~~~~~~~~~~~~~~~~~~~~~~~~~~~~~~~~~~~~~~~~~~~~~~~~~~~~~~~~~~~~~~~ Error: processing vignette 'fullmatch-vignette.Rmd' failed with diagnostics: subscript out of bounds --- failed re-building ‘fullmatch-vignette.Rmd’ --- re-building ‘matching-from-foreign-software.Rmd’ using rmarkdown --- finished re-building ‘matching-from-foreign-software.Rmd’ --- re-building ‘matching-within-subgroups.Rmd’ using rmarkdown --- finished re-building ‘matching-within-subgroups.Rmd’ SUMMARY: processing the following file failed: ‘fullmatch-vignette.Rmd’ Error: Vignette re-building failed. Execution halted Flavors: r-devel-linux-x86_64-fedora-clang, r-devel-linux-x86_64-fedora-gcc, r-devel-windows-x86_64

Version: 0.10.8
Check: package dependencies
Result: NOTE Package suggested but not available for checking: ‘rrelaxiv’ Flavors: r-oldrel-macos-arm64, r-oldrel-macos-x86_64, r-oldrel-windows-x86_64