Last updated on 2025-04-30 04:50:13 CEST.
Flavor | Version | Tinstall | Tcheck | Ttotal | Status | Flags |
---|---|---|---|---|---|---|
r-devel-linux-x86_64-debian-clang | 0.1-1 | 29.20 | 65.00 | 94.20 | OK | |
r-devel-linux-x86_64-debian-gcc | 0.1-1 | 22.76 | 47.90 | 70.66 | OK | |
r-devel-linux-x86_64-fedora-clang | 0.1-1 | 193.86 | OK | |||
r-devel-linux-x86_64-fedora-gcc | 0.1-1 | 172.30 | OK | |||
r-devel-windows-x86_64 | 0.1-1 | 41.00 | 98.00 | 139.00 | OK | |
r-patched-linux-x86_64 | 0.1-1 | 31.24 | 63.21 | 94.45 | OK | |
r-release-linux-x86_64 | 0.1-1 | 29.24 | 62.90 | 92.14 | OK | |
r-release-macos-arm64 | 0.1-1 | 48.00 | OK | |||
r-release-macos-x86_64 | 0.1-1 | 82.00 | OK | |||
r-release-windows-x86_64 | 0.1-1 | 43.00 | 93.00 | 136.00 | OK | |
r-oldrel-macos-arm64 | 0.1-1 | 45.00 | NOTE | |||
r-oldrel-macos-x86_64 | 0.1-1 | 73.00 | NOTE | |||
r-oldrel-windows-x86_64 | 0.1-1 | 45.00 | 112.00 | 157.00 | NOTE |
Version: 0.1-1
Check: LazyData
Result: NOTE
'LazyData' is specified without a 'data' directory
Flavors: r-oldrel-macos-arm64, r-oldrel-macos-x86_64, r-oldrel-windows-x86_64