Last updated on 2025-04-30 04:50:13 CEST.
Flavor | Version | Tinstall | Tcheck | Ttotal | Status | Flags |
---|---|---|---|---|---|---|
r-devel-linux-x86_64-debian-clang | 0.3.0 | 2.68 | 142.13 | 144.81 | NOTE | |
r-devel-linux-x86_64-debian-gcc | 0.3.0 | 1.84 | 99.20 | 101.04 | OK | |
r-devel-linux-x86_64-fedora-clang | 0.3.0 | 263.94 | OK | |||
r-devel-linux-x86_64-fedora-gcc | 0.3.0 | 258.72 | OK | |||
r-devel-windows-x86_64 | 0.3.0 | 4.00 | 168.00 | 172.00 | OK | |
r-patched-linux-x86_64 | 0.3.0 | 2.22 | 139.68 | 141.90 | OK | |
r-release-linux-x86_64 | 0.3.0 | 2.32 | 136.82 | 139.14 | OK | |
r-release-macos-arm64 | 0.3.0 | 71.00 | OK | |||
r-release-macos-x86_64 | 0.3.0 | 153.00 | OK | |||
r-release-windows-x86_64 | 0.3.0 | 5.00 | 170.00 | 175.00 | OK | |
r-oldrel-macos-arm64 | 0.3.0 | 85.00 | OK | |||
r-oldrel-macos-x86_64 | 0.3.0 | 143.00 | OK | |||
r-oldrel-windows-x86_64 | 0.3.0 | 5.00 | 212.00 | 217.00 | OK |
Version: 0.3.0
Check: examples
Result: NOTE
Examples with CPU (user + system) or elapsed time > 5s
user system elapsed
augment.orbital_class 4.169 0.227 6.673
Flavor: r-devel-linux-x86_64-debian-clang