CRAN Package Check Results for Package ordbetareg

Last updated on 2025-04-30 04:50:13 CEST.

Flavor Version Tinstall Tcheck Ttotal Status Flags
r-devel-linux-x86_64-debian-clang 0.8 45.41 225.43 270.84 NOTE
r-devel-linux-x86_64-debian-gcc 0.8 34.26 154.00 188.26 OK
r-devel-linux-x86_64-fedora-clang 0.8 450.22 OK
r-devel-linux-x86_64-fedora-gcc 0.8 460.45 OK
r-devel-windows-x86_64 0.8 49.00 202.00 251.00 OK
r-patched-linux-x86_64 0.8 43.58 213.43 257.01 OK
r-release-linux-x86_64 0.8 43.31 213.51 256.82 OK
r-release-macos-arm64 0.8 104.00 OK
r-release-macos-x86_64 0.8 241.00 OK
r-release-windows-x86_64 0.8 49.00 212.00 261.00 OK
r-oldrel-macos-arm64 0.8 100.00 NOTE
r-oldrel-macos-x86_64 0.8 228.00 NOTE
r-oldrel-windows-x86_64 0.8 63.00 268.00 331.00 NOTE

Check Details

Version: 0.8
Check: examples
Result: NOTE Examples with CPU (user + system) or elapsed time > 5s user system elapsed pp_check_ordbeta 5.778 0.094 7.546 Flavor: r-devel-linux-x86_64-debian-clang

Version: 0.8
Check: installed package size
Result: NOTE installed size is 8.0Mb sub-directories of 1Mb or more: data 6.0Mb doc 1.8Mb Flavors: r-oldrel-macos-arm64, r-oldrel-macos-x86_64, r-oldrel-windows-x86_64