CRAN Package Check Results for Package ordcrm

Last updated on 2025-04-30 04:50:13 CEST.

Flavor Version Tinstall Tcheck Ttotal Status Flags
r-devel-linux-x86_64-debian-clang 1.0.0 7.02 52.25 59.27 NOTE
r-devel-linux-x86_64-debian-gcc 1.0.0 7.34 34.68 42.02 NOTE
r-devel-linux-x86_64-fedora-clang 1.0.0 95.50 OK
r-devel-linux-x86_64-fedora-gcc 1.0.0 87.97 OK
r-devel-windows-x86_64 1.0.0 9.00 64.00 73.00 OK
r-patched-linux-x86_64 1.0.0 8.44 47.80 56.24 OK
r-release-linux-x86_64 1.0.0 6.77 47.50 54.27 OK
r-release-macos-arm64 1.0.0 29.00 OK
r-release-macos-x86_64 1.0.0 49.00 OK
r-release-windows-x86_64 1.0.0 9.00 64.00 73.00 OK
r-oldrel-macos-arm64 1.0.0 24.00 NOTE
r-oldrel-macos-x86_64 1.0.0 37.00 NOTE
r-oldrel-windows-x86_64 1.0.0 13.00 77.00 90.00 NOTE

Check Details

Version: 1.0.0
Check: CRAN incoming feasibility
Result: NOTE Maintainer: ‘Emily V. Dressler <EmilyVDressler@gmail.com>’ No Authors@R field in DESCRIPTION. Please add one, modifying Authors@R: c(person(given = c("Emily", "V."), family = "Dressler", role = c("aut", "cre"), email = "emilyvdressler@gmail.com"), person(given = c("PhD", "Zhengyan"), family = "Huang", role = "aut")) as necessary. Flavors: r-devel-linux-x86_64-debian-clang, r-devel-linux-x86_64-debian-gcc

Version: 1.0.0
Check: examples
Result: NOTE Examples with CPU (user + system) or elapsed time > 5s user system elapsed crmsimulations 9.678 0.483 12.404 Flavor: r-devel-linux-x86_64-debian-clang

Version: 1.0.0
Check: examples
Result: NOTE Examples with CPU (user + system) or elapsed time > 5s user system elapsed crmsimulations 5.867 0.475 8.213 Flavor: r-devel-linux-x86_64-debian-gcc

Version: 1.0.0
Check: LazyData
Result: NOTE 'LazyData' is specified without a 'data' directory Flavors: r-oldrel-macos-arm64, r-oldrel-macos-x86_64, r-oldrel-windows-x86_64