Last updated on 2025-04-30 04:50:13 CEST.
Flavor | Version | Tinstall | Tcheck | Ttotal | Status | Flags |
---|---|---|---|---|---|---|
r-devel-linux-x86_64-debian-clang | 0.1.8 | 4.53 | 37.42 | 41.95 | NOTE | |
r-devel-linux-x86_64-debian-gcc | 0.1.8 | 3.19 | 28.73 | 31.92 | NOTE | |
r-devel-linux-x86_64-fedora-clang | 0.1.8 | 63.77 | OK | |||
r-devel-linux-x86_64-fedora-gcc | 0.1.8 | 61.18 | OK | |||
r-devel-windows-x86_64 | 0.1.8 | 5.00 | 65.00 | 70.00 | OK | |
r-patched-linux-x86_64 | 0.1.8 | 4.88 | 35.62 | 40.50 | OK | |
r-release-linux-x86_64 | 0.1.8 | 3.77 | 35.90 | 39.67 | OK | |
r-release-macos-arm64 | 0.1.8 | 25.00 | OK | |||
r-release-macos-x86_64 | 0.1.8 | 45.00 | OK | |||
r-release-windows-x86_64 | 0.1.8 | 5.00 | 63.00 | 68.00 | OK | |
r-oldrel-macos-arm64 | 0.1.8 | 23.00 | OK | |||
r-oldrel-macos-x86_64 | 0.1.8 | 47.00 | OK | |||
r-oldrel-windows-x86_64 | 0.1.8 | 5.00 | 69.00 | 74.00 | OK |
Version: 0.1.8
Check: CRAN incoming feasibility
Result: NOTE
Maintainer: ‘Carlos Alberto Cardozo Delgado <cardozorpackages@gmail.com>’
No Authors@R field in DESCRIPTION.
Please add one, modifying
Authors@R: person(given = c("Carlos", "Alberto", "Cardozo"),
family = "Delgado",
role = c("aut", "cre"),
email = "cardozorpackages@gmail.com")
as necessary.
Flavors: r-devel-linux-x86_64-debian-clang, r-devel-linux-x86_64-debian-gcc