Last updated on 2025-04-30 04:50:13 CEST.
Flavor | Version | Tinstall | Tcheck | Ttotal | Status | Flags |
---|---|---|---|---|---|---|
r-devel-linux-x86_64-debian-clang | 1.0 | 7.18 | 61.84 | 69.02 | NOTE | |
r-devel-linux-x86_64-debian-gcc | 1.0 | 5.12 | 44.60 | 49.72 | NOTE | |
r-devel-linux-x86_64-fedora-clang | 1.0 | 110.30 | OK | |||
r-devel-linux-x86_64-fedora-gcc | 1.0 | 102.95 | OK | |||
r-devel-windows-x86_64 | 1.0 | 8.00 | 77.00 | 85.00 | OK | |
r-patched-linux-x86_64 | 1.0 | 6.75 | 59.06 | 65.81 | OK | |
r-release-linux-x86_64 | 1.0 | 6.09 | 58.91 | 65.00 | OK | |
r-release-macos-arm64 | 1.0 | 38.00 | OK | |||
r-release-macos-x86_64 | 1.0 | 75.00 | OK | |||
r-release-windows-x86_64 | 1.0 | 7.00 | 77.00 | 84.00 | OK | |
r-oldrel-macos-arm64 | 1.0 | 33.00 | OK | |||
r-oldrel-macos-x86_64 | 1.0 | 52.00 | OK | |||
r-oldrel-windows-x86_64 | 1.0 | 9.00 | 88.00 | 97.00 | OK |
Version: 1.0
Check: CRAN incoming feasibility
Result: NOTE
Maintainer: ‘James A. Fordyce <jfordyce@utk.edu>’
No Authors@R field in DESCRIPTION.
Please add one, modifying
Authors@R: c(person(given = "James",
family = "Fordyce",
role = "aut"),
person(given = c("James", "A."),
family = "Fordyce",
role = "cre",
email = "jfordyce@utk.edu"))
as necessary.
Flavors: r-devel-linux-x86_64-debian-clang, r-devel-linux-x86_64-debian-gcc