Last updated on 2025-04-30 04:50:13 CEST.
Flavor | Version | Tinstall | Tcheck | Ttotal | Status | Flags |
---|---|---|---|---|---|---|
r-devel-linux-x86_64-debian-clang | 2.0.2 | 4.11 | 46.59 | 50.70 | NOTE | |
r-devel-linux-x86_64-debian-gcc | 2.0.2 | 2.97 | 32.94 | 35.91 | OK | |
r-devel-linux-x86_64-fedora-clang | 2.0.2 | 83.95 | OK | |||
r-devel-linux-x86_64-fedora-gcc | 2.0.2 | 76.25 | OK | |||
r-devel-windows-x86_64 | 2.0.2 | 5.00 | 73.00 | 78.00 | OK | |
r-patched-linux-x86_64 | 2.0.2 | 4.86 | 43.97 | 48.83 | OK | |
r-release-linux-x86_64 | 2.0.2 | 3.81 | 43.84 | 47.65 | OK | |
r-release-macos-arm64 | 2.0.2 | 24.00 | OK | |||
r-release-macos-x86_64 | 2.0.2 | 45.00 | OK | |||
r-release-windows-x86_64 | 2.0.2 | 6.00 | 73.00 | 79.00 | OK | |
r-oldrel-macos-arm64 | 2.0.2 | 24.00 | OK | |||
r-oldrel-macos-x86_64 | 2.0.2 | 36.00 | OK | |||
r-oldrel-windows-x86_64 | 2.0.2 | 6.00 | 77.00 | 83.00 | OK |
Version: 2.0.2
Check: examples
Result: NOTE
Examples with CPU (user + system) or elapsed time > 5s
user system elapsed
plot.ocm 4.519 0.000 5.426
ocm 4.331 0.007 5.860
summary.ocm 4.309 0.012 6.017
Flavor: r-devel-linux-x86_64-debian-clang