Last updated on 2025-04-30 04:50:13 CEST.
Flavor | Version | Tinstall | Tcheck | Ttotal | Status | Flags |
---|---|---|---|---|---|---|
r-devel-linux-x86_64-debian-clang | 0.9.0 | 6.82 | 51.86 | 58.68 | NOTE | |
r-devel-linux-x86_64-debian-gcc | 0.9.0 | 4.89 | 37.15 | 42.04 | NOTE | |
r-devel-linux-x86_64-fedora-clang | 0.9.0 | 87.06 | OK | |||
r-devel-linux-x86_64-fedora-gcc | 0.9.0 | 79.63 | OK | |||
r-devel-windows-x86_64 | 0.9.0 | 8.00 | 70.00 | 78.00 | OK | |
r-patched-linux-x86_64 | 0.9.0 | 6.05 | 48.93 | 54.98 | OK | |
r-release-linux-x86_64 | 0.9.0 | 5.61 | 49.10 | 54.71 | OK | |
r-release-macos-arm64 | 0.9.0 | 26.00 | OK | |||
r-release-macos-x86_64 | 0.9.0 | 46.00 | OK | |||
r-release-windows-x86_64 | 0.9.0 | 9.00 | 66.00 | 75.00 | OK | |
r-oldrel-macos-arm64 | 0.9.0 | 26.00 | OK | |||
r-oldrel-macos-x86_64 | 0.9.0 | 41.00 | OK | |||
r-oldrel-windows-x86_64 | 0.9.0 | 9.00 | 77.00 | 86.00 | OK |
Version: 0.9.0
Check: CRAN incoming feasibility
Result: NOTE
Maintainer: ‘Yi Tang <yi.tang.uk@me.com>’
No Authors@R field in DESCRIPTION.
Please add one, modifying
Authors@R: person(given = "Yi",
family = "Tang",
role = c("aut", "cre"),
email = "yi.tang.uk@me.com")
as necessary.
Flavors: r-devel-linux-x86_64-debian-clang, r-devel-linux-x86_64-debian-gcc