Last updated on 2025-04-29 04:50:12 CEST.
Flavor | Version | Tinstall | Tcheck | Ttotal | Status | Flags |
---|---|---|---|---|---|---|
r-devel-linux-x86_64-debian-clang | 0.3.6 | 2.17 | 71.14 | 73.31 | OK | |
r-devel-linux-x86_64-debian-gcc | 0.3.6 | 1.83 | 54.98 | 56.81 | NOTE | |
r-devel-linux-x86_64-fedora-clang | 0.3.6 | 119.68 | OK | |||
r-devel-linux-x86_64-fedora-gcc | 0.3.6 | 123.66 | OK | |||
r-devel-windows-x86_64 | 0.3.6 | 5.00 | 86.00 | 91.00 | OK | |
r-patched-linux-x86_64 | 0.3.6 | 2.68 | 69.93 | 72.61 | OK | |
r-release-linux-x86_64 | 0.3.6 | 2.43 | 70.43 | 72.86 | OK | |
r-release-macos-arm64 | 0.3.6 | 42.00 | OK | |||
r-release-macos-x86_64 | 0.3.6 | 78.00 | OK | |||
r-release-windows-x86_64 | 0.3.6 | 4.00 | 85.00 | 89.00 | OK | |
r-oldrel-macos-arm64 | 0.3.6 | 38.00 | OK | |||
r-oldrel-macos-x86_64 | 0.3.6 | 60.00 | OK | |||
r-oldrel-windows-x86_64 | 0.3.6 | 5.00 | 110.00 | 115.00 | OK |
Version: 0.3.6
Check: examples
Result: NOTE
Examples with CPU (user + system) or elapsed time > 5s
user system elapsed
forestplot 3.857 0.3 6.105
Flavor: r-devel-linux-x86_64-debian-gcc