CRAN Package Check Results for Package oro.dicom

Last updated on 2025-04-30 04:50:13 CEST.

Flavor Version Tinstall Tcheck Ttotal Status Flags
r-devel-linux-x86_64-debian-clang 0.5.3 3.38 45.58 48.96 NOTE
r-devel-linux-x86_64-debian-gcc 0.5.3 2.57 34.29 36.86 NOTE
r-devel-linux-x86_64-fedora-clang 0.5.3 79.30 OK
r-devel-linux-x86_64-fedora-gcc 0.5.3 88.26 OK
r-devel-windows-x86_64 0.5.3 5.00 105.00 110.00 OK
r-patched-linux-x86_64 0.5.3 3.83 44.19 48.02 OK
r-release-linux-x86_64 0.5.3 3.13 43.70 46.83 OK
r-release-macos-arm64 0.5.3 39.00 OK
r-release-macos-x86_64 0.5.3 87.00 OK
r-release-windows-x86_64 0.5.3 5.00 100.00 105.00 OK
r-oldrel-macos-arm64 0.5.3 42.00 OK
r-oldrel-macos-x86_64 0.5.3 67.00 OK
r-oldrel-windows-x86_64 0.5.3 5.00 100.00 105.00 OK

Check Details

Version: 0.5.3
Check: CRAN incoming feasibility
Result: NOTE Maintainer: ‘Brandon Whitcher <bwhitcher@gmail.com>’ Package CITATION file contains call(s) to old-style personList() or as.personList(). Please use c() on person objects instead. Package CITATION file contains call(s) to old-style citEntry(). Please use bibentry() instead. Flavors: r-devel-linux-x86_64-debian-clang, r-devel-linux-x86_64-debian-gcc