CRAN Package Check Results for Package orthoDr

Last updated on 2025-04-30 04:50:13 CEST.

Flavor Version Tinstall Tcheck Ttotal Status Flags
r-devel-linux-x86_64-debian-clang 0.6.8 197.15 102.41 299.56 OK
r-devel-linux-x86_64-debian-gcc 0.6.8 144.22 78.50 222.72 OK
r-devel-linux-x86_64-fedora-clang 0.6.8 585.96 OK
r-devel-linux-x86_64-fedora-gcc 0.6.8 548.13 OK
r-devel-windows-x86_64 0.6.8 213.00 125.00 338.00 OK
r-patched-linux-x86_64 0.6.8 195.43 95.47 290.90 OK
r-release-linux-x86_64 0.6.8 193.07 94.74 287.81 OK
r-release-macos-arm64 0.6.8 186.00 OK
r-release-macos-x86_64 0.6.8 186.00 OK
r-release-windows-x86_64 0.6.8 215.00 139.00 354.00 OK
r-oldrel-macos-arm64 0.6.8 146.00 NOTE
r-oldrel-macos-x86_64 0.6.8 130.00 NOTE
r-oldrel-windows-x86_64 0.6.8 232.00 156.00 388.00 OK

Check Details

Version: 0.6.8
Check: installed package size
Result: NOTE installed size is 9.5Mb sub-directories of 1Mb or more: libs 9.2Mb Flavors: r-oldrel-macos-arm64, r-oldrel-macos-x86_64