CRAN Package Check Results for Package orthogonalsplinebasis

Last updated on 2025-04-30 04:50:13 CEST.

Flavor Version Tinstall Tcheck Ttotal Status Flags
r-devel-linux-x86_64-debian-clang 0.1.7 2.84 24.05 26.89 NOTE
r-devel-linux-x86_64-debian-gcc 0.1.7 2.20 19.49 21.69 NOTE
r-devel-linux-x86_64-fedora-clang 0.1.7 42.93 OK
r-devel-linux-x86_64-fedora-gcc 0.1.7 41.12 OK
r-devel-windows-x86_64 0.1.7 4.00 49.00 53.00 OK
r-patched-linux-x86_64 0.1.7 3.41 23.19 26.60 OK
r-release-linux-x86_64 0.1.7 3.16 23.04 26.20 OK
r-release-macos-arm64 0.1.7 20.00 OK
r-release-macos-x86_64 0.1.7 30.00 OK
r-release-windows-x86_64 0.1.7 5.00 48.00 53.00 OK
r-oldrel-macos-arm64 0.1.7 21.00 OK
r-oldrel-macos-x86_64 0.1.7 27.00 OK
r-oldrel-windows-x86_64 0.1.7 5.00 49.00 54.00 OK

Check Details

Version: 0.1.7
Check: CRAN incoming feasibility
Result: NOTE Maintainer: ‘Andrew Redd <andrew.redd@hsc.utah.edu>’ No Authors@R field in DESCRIPTION. Please add one, modifying Authors@R: person(given = "Andrew", family = "Redd", role = c("aut", "cre"), email = "andrew.redd@hsc.utah.edu") as necessary. Flavors: r-devel-linux-x86_64-debian-clang, r-devel-linux-x86_64-debian-gcc