Last updated on 2025-04-30 04:50:13 CEST.
Flavor | Version | Tinstall | Tcheck | Ttotal | Status | Flags |
---|---|---|---|---|---|---|
r-devel-linux-x86_64-debian-clang | 0.1 | 2.32 | 25.16 | 27.48 | NOTE | |
r-devel-linux-x86_64-debian-gcc | 0.1 | 1.90 | 20.18 | 22.08 | NOTE | |
r-devel-linux-x86_64-fedora-clang | 0.1 | 43.55 | OK | |||
r-devel-linux-x86_64-fedora-gcc | 0.1 | 41.01 | OK | |||
r-devel-windows-x86_64 | 0.1 | 3.00 | 51.00 | 54.00 | OK | |
r-patched-linux-x86_64 | 0.1 | 2.34 | 24.01 | 26.35 | OK | |
r-release-linux-x86_64 | 0.1 | 2.42 | 24.44 | 26.86 | OK | |
r-release-macos-arm64 | 0.1 | 21.00 | OK | |||
r-release-macos-x86_64 | 0.1 | 32.00 | OK | |||
r-release-windows-x86_64 | 0.1 | 4.00 | 51.00 | 55.00 | OK | |
r-oldrel-macos-arm64 | 0.1 | 18.00 | OK | |||
r-oldrel-macos-x86_64 | 0.1 | 26.00 | OK | |||
r-oldrel-windows-x86_64 | 0.1 | 3.00 | 50.00 | 53.00 | OK |
Version: 0.1
Check: CRAN incoming feasibility
Result: NOTE
Maintainer: ‘Xavier Domingo-Almenara <xavier.domingo@urv.cat>’
No Authors@R field in DESCRIPTION.
Please add one, modifying
Authors@R: person(given = "Xavier",
family = "Domingo-Almenara",
role = c("aut", "cre"),
email = "xavier.domingo@urv.cat")
as necessary.
Flavors: r-devel-linux-x86_64-debian-clang, r-devel-linux-x86_64-debian-gcc