Last updated on 2025-04-30 04:50:13 CEST.
Flavor | Version | Tinstall | Tcheck | Ttotal | Status | Flags |
---|---|---|---|---|---|---|
r-devel-linux-x86_64-debian-clang | 0.2.9 | 6.50 | 59.60 | 66.10 | NOTE | |
r-devel-linux-x86_64-debian-gcc | 0.2.9 | 3.28 | 43.24 | 46.52 | NOTE | |
r-devel-linux-x86_64-fedora-clang | 0.2.9 | 99.00 | OK | |||
r-devel-linux-x86_64-fedora-gcc | 0.2.9 | 106.91 | OK | |||
r-devel-windows-x86_64 | 0.2.9 | 8.00 | 79.00 | 87.00 | OK | |
r-patched-linux-x86_64 | 0.2.9 | 5.80 | 53.90 | 59.70 | OK | |
r-release-linux-x86_64 | 0.2.9 | 5.74 | 53.44 | 59.18 | OK | |
r-release-macos-arm64 | 0.2.9 | 52.00 | OK | |||
r-release-macos-x86_64 | 0.2.9 | 75.00 | OK | |||
r-release-windows-x86_64 | 0.2.9 | 7.00 | 77.00 | 84.00 | OK | |
r-oldrel-macos-arm64 | 0.2.9 | 38.00 | OK | |||
r-oldrel-macos-x86_64 | 0.2.9 | 60.00 | OK | |||
r-oldrel-windows-x86_64 | 0.2.9 | 9.00 | 86.00 | 95.00 | OK |
Version: 0.2.9
Check: CRAN incoming feasibility
Result: NOTE
Maintainer: ‘Aaron Wolen <aaron@wolen.com>’
Package CITATION file contains call(s) to old-style citEntry(). Please
use bibentry() instead.
Flavors: r-devel-linux-x86_64-debian-clang, r-devel-linux-x86_64-debian-gcc