CRAN Package Check Results for Package osmextract

Last updated on 2025-04-30 04:50:13 CEST.

Flavor Version Tinstall Tcheck Ttotal Status Flags
r-devel-linux-x86_64-debian-clang 0.5.3 5.26 91.12 96.38 NOTE
r-devel-linux-x86_64-debian-gcc 0.5.3 3.62 67.40 71.02 NOTE
r-devel-linux-x86_64-fedora-clang 0.5.3 136.70 OK
r-devel-linux-x86_64-fedora-gcc 0.5.3 149.59 OK
r-devel-windows-x86_64 0.5.3 7.00 138.00 145.00 OK
r-patched-linux-x86_64 0.5.3 6.31 87.23 93.54 OK
r-release-linux-x86_64 0.5.3 5.29 88.11 93.40 OK
r-release-macos-arm64 0.5.3 59.00 OK
r-release-macos-x86_64 0.5.3 98.00 OK
r-release-windows-x86_64 0.5.3 8.00 126.00 134.00 OK
r-oldrel-macos-arm64 0.5.3 69.00 NOTE
r-oldrel-macos-x86_64 0.5.3 124.00 NOTE
r-oldrel-windows-x86_64 0.5.3 8.00 149.00 157.00 NOTE

Check Details

Version: 0.5.3
Check: examples
Result: NOTE Examples with CPU (user + system) or elapsed time > 5s user system elapsed oe_get_keys 2.294 0.67 5.146 Flavor: r-devel-linux-x86_64-debian-clang

Version: 0.5.3
Check: examples
Result: NOTE Examples with CPU (user + system) or elapsed time > 5s user system elapsed oe_get_keys 2.463 0.183 5.054 Flavor: r-devel-linux-x86_64-debian-gcc

Version: 0.5.3
Check: installed package size
Result: NOTE installed size is 5.4Mb sub-directories of 1Mb or more: data 3.7Mb help 1.1Mb Flavors: r-oldrel-macos-arm64, r-oldrel-macos-x86_64, r-oldrel-windows-x86_64