CRAN Package Check Results for Package otp

Last updated on 2025-04-30 04:50:13 CEST.

Flavor Version Tinstall Tcheck Ttotal Status Flags
r-devel-linux-x86_64-debian-clang 0.1.1 3.64 19.66 23.30 OK
r-devel-linux-x86_64-debian-gcc 0.1.1 3.06 16.44 19.50 OK
r-devel-linux-x86_64-fedora-clang 0.1.1 35.01 NOTE
r-devel-linux-x86_64-fedora-gcc 0.1.1 32.99 NOTE
r-devel-windows-x86_64 0.1.1 4.00 45.00 49.00 OK
r-patched-linux-x86_64 0.1.1 2.97 17.69 20.66 OK
r-release-linux-x86_64 0.1.1 3.64 17.78 21.42 OK
r-release-macos-arm64 0.1.1 21.00 OK
r-release-macos-x86_64 0.1.1 37.00 OK
r-release-windows-x86_64 0.1.1 5.00 44.00 49.00 OK
r-oldrel-macos-arm64 0.1.1 16.00 OK
r-oldrel-macos-x86_64 0.1.1 23.00 OK
r-oldrel-windows-x86_64 0.1.1 5.00 43.00 48.00 OK

Check Details

Version: 0.1.1
Check: dependencies in R code
Result: NOTE Namespaces in Imports field not imported from: ‘R6’ ‘openssl’ All declared Imports should be used. Flavors: r-devel-linux-x86_64-fedora-clang, r-devel-linux-x86_64-fedora-gcc