Last updated on 2025-04-30 04:50:13 CEST.
Flavor | Version | Tinstall | Tcheck | Ttotal | Status | Flags |
---|---|---|---|---|---|---|
r-devel-linux-x86_64-debian-clang | 2.0 | 3.94 | 39.61 | 43.55 | NOTE | |
r-devel-linux-x86_64-debian-gcc | 2.0 | 2.48 | 28.78 | 31.26 | NOTE | |
r-devel-linux-x86_64-fedora-clang | 2.0 | 68.97 | OK | |||
r-devel-linux-x86_64-fedora-gcc | 2.0 | 66.11 | OK | |||
r-devel-windows-x86_64 | 2.0 | 5.00 | 63.00 | 68.00 | OK | |
r-patched-linux-x86_64 | 2.0 | 4.45 | 37.41 | 41.86 | OK | |
r-release-linux-x86_64 | 2.0 | 3.93 | 37.20 | 41.13 | OK | |
r-release-macos-arm64 | 2.0 | 22.00 | OK | |||
r-release-macos-x86_64 | 2.0 | 48.00 | OK | |||
r-release-windows-x86_64 | 2.0 | 6.00 | 59.00 | 65.00 | OK | |
r-oldrel-macos-arm64 | 2.0 | 24.00 | OK | |||
r-oldrel-macos-x86_64 | 2.0 | 40.00 | OK | |||
r-oldrel-windows-x86_64 | 2.0 | 6.00 | 66.00 | 72.00 | OK |
Version: 2.0
Check: CRAN incoming feasibility
Result: NOTE
Maintainer: ‘Pietro Coretto <pcoretto@unisa.it>’
Package CITATION file contains call(s) to old-style personList() or
as.personList(). Please use c() on person objects instead.
Package CITATION file contains call(s) to old-style citEntry(). Please
use bibentry() instead.
Flavors: r-devel-linux-x86_64-debian-clang, r-devel-linux-x86_64-debian-gcc