Last updated on 2025-04-30 04:50:13 CEST.
Flavor | Version | Tinstall | Tcheck | Ttotal | Status | Flags |
---|---|---|---|---|---|---|
r-devel-linux-x86_64-debian-clang | 0.1.2 | 4.25 | 52.13 | 56.38 | NOTE | |
r-devel-linux-x86_64-debian-gcc | 0.1.2 | 2.78 | 34.76 | 37.54 | NOTE | |
r-devel-linux-x86_64-fedora-clang | 0.1.2 | 88.16 | OK | |||
r-devel-linux-x86_64-fedora-gcc | 0.1.2 | 84.81 | OK | |||
r-devel-windows-x86_64 | 0.1.2 | 5.00 | 76.00 | 81.00 | OK | |
r-patched-linux-x86_64 | 0.1.2 | 4.02 | 49.79 | 53.81 | OK | |
r-release-linux-x86_64 | 0.1.2 | 4.06 | 49.44 | 53.50 | OK | |
r-release-macos-arm64 | 0.1.2 | 30.00 | OK | |||
r-release-macos-x86_64 | 0.1.2 | 54.00 | OK | |||
r-release-windows-x86_64 | 0.1.2 | 6.00 | 75.00 | 81.00 | OK | |
r-oldrel-macos-arm64 | 0.1.2 | 27.00 | OK | |||
r-oldrel-macos-x86_64 | 0.1.2 | 42.00 | OK | |||
r-oldrel-windows-x86_64 | 0.1.2 | 6.00 | 82.00 | 88.00 | OK |
Version: 0.1.2
Check: CRAN incoming feasibility
Result: NOTE
Maintainer: ‘Sizhong Yang <yanglzu@163.com>’
No Authors@R field in DESCRIPTION.
Please add one, modifying
Authors@R: person(given = "Sizhong",
family = "Yang",
role = c("aut", "cre"),
email = "yanglzu@163.com")
as necessary.
Flavors: r-devel-linux-x86_64-debian-clang, r-devel-linux-x86_64-debian-gcc
Version: 0.1.2
Check: examples
Result: NOTE
Examples with CPU (user + system) or elapsed time > 5s
user system elapsed
otuReport 5.692 0.043 6.91
Flavor: r-devel-linux-x86_64-debian-clang