Last updated on 2025-04-30 04:50:13 CEST.
Flavor | Version | Tinstall | Tcheck | Ttotal | Status | Flags |
---|---|---|---|---|---|---|
r-devel-linux-x86_64-debian-clang | 1.9.0 | 3.93 | 26.41 | 30.34 | NOTE | |
r-devel-linux-x86_64-debian-gcc | 1.9.0 | 2.93 | 20.46 | 23.39 | NOTE | |
r-devel-linux-x86_64-fedora-clang | 1.9.0 | 45.46 | OK | |||
r-devel-linux-x86_64-fedora-gcc | 1.9.0 | 44.09 | OK | |||
r-devel-windows-x86_64 | 1.9.0 | 5.00 | 55.00 | 60.00 | OK | |
r-patched-linux-x86_64 | 1.9.0 | 4.33 | 24.80 | 29.13 | OK | |
r-release-linux-x86_64 | 1.9.0 | 4.38 | 24.71 | 29.09 | OK | |
r-release-macos-arm64 | 1.9.0 | 19.00 | OK | |||
r-release-macos-x86_64 | 1.9.0 | 31.00 | OK | |||
r-release-windows-x86_64 | 1.9.0 | 4.00 | 54.00 | 58.00 | OK | |
r-oldrel-macos-arm64 | 1.9.0 | 19.00 | OK | |||
r-oldrel-macos-x86_64 | 1.9.0 | 24.00 | OK | |||
r-oldrel-windows-x86_64 | 1.9.0 | 5.00 | 55.00 | 60.00 | OK |
Version: 1.9.0
Check: CRAN incoming feasibility
Result: NOTE
Maintainer: ‘Finlay Campbell <finlaycampbell93@gmail.com>’
Found the following URLs which should use \doi (with the DOI name only):
File ‘zika_girardot_2015.Rd’:
https://doi.org/10.2807/1560-7917.ES.2016.21.28.30283
Flavors: r-devel-linux-x86_64-debian-clang, r-devel-linux-x86_64-debian-gcc