CRAN Package Check Results for Package outliertree

Last updated on 2025-04-30 04:50:13 CEST.

Flavor Version Tinstall Tcheck Ttotal Status Flags
r-devel-linux-x86_64-debian-clang 1.10.0 64.46 39.50 103.96 OK
r-devel-linux-x86_64-debian-gcc 1.10.0 43.38 30.62 74.00 OK
r-devel-linux-x86_64-fedora-clang 1.10.0 182.86 OK
r-devel-linux-x86_64-fedora-gcc 1.10.0 192.94 OK
r-devel-windows-x86_64 1.10.0 65.00 87.00 152.00 OK
r-patched-linux-x86_64 1.10.0 59.91 37.95 97.86 OK
r-release-linux-x86_64 1.10.0 60.43 38.05 98.48 OK
r-release-macos-arm64 1.10.0 76.00 OK
r-release-macos-x86_64 1.10.0 138.00 OK
r-release-windows-x86_64 1.10.0 71.00 85.00 156.00 OK
r-oldrel-macos-arm64 1.10.0 58.00 NOTE
r-oldrel-macos-x86_64 1.10.0 110.00 NOTE
r-oldrel-windows-x86_64 1.10.0 83.00 95.00 178.00 OK

Check Details

Version: 1.10.0
Check: installed package size
Result: NOTE installed size is 7.2Mb sub-directories of 1Mb or more: doc 1.1Mb libs 5.8Mb Flavors: r-oldrel-macos-arm64, r-oldrel-macos-x86_64