CRAN Package Check Results for Package outqrf

Last updated on 2025-04-30 04:50:13 CEST.

Flavor Version Tinstall Tcheck Ttotal Status Flags
r-devel-linux-x86_64-debian-clang 1.0.0 1.96 61.78 63.74 NOTE
r-devel-linux-x86_64-debian-gcc 1.0.0 1.68 43.25 44.93 NOTE
r-devel-linux-x86_64-fedora-clang 1.0.0 99.26 NOTE
r-devel-linux-x86_64-fedora-gcc 1.0.0 581.44 NOTE
r-devel-windows-x86_64 1.0.0 4.00 96.00 100.00 NOTE
r-patched-linux-x86_64 1.0.0 2.29 58.69 60.98 NOTE
r-release-linux-x86_64 1.0.0 1.76 58.36 60.12 NOTE
r-release-macos-arm64 1.0.0 154.00 NOTE
r-release-macos-x86_64 1.0.0 296.00 NOTE
r-release-windows-x86_64 1.0.0 4.00 95.00 99.00 NOTE
r-oldrel-macos-arm64 1.0.0 105.00 OK
r-oldrel-macos-x86_64 1.0.0 200.00 OK
r-oldrel-windows-x86_64 1.0.0 5.00 102.00 107.00 OK

Check Details

Version: 1.0.0
Check: CRAN incoming feasibility
Result: NOTE Maintainer: ‘Tengfei Xu <flystar233@gmail.com>’ The Description field contains <https://dl.acm.org/doi/10.5555/1248547.1248582>. It directly calls the Please use permanent DOI markup for linking to publications as in <doi:prefix/suffix>. Flavors: r-devel-linux-x86_64-debian-clang, r-devel-linux-x86_64-debian-gcc

Version: 1.0.0
Check: DESCRIPTION meta-information
Result: NOTE Missing dependency on R >= 4.1.0 because package code uses the pipe |> or function shorthand \(...) syntax added in R 4.1.0. File(s) using such syntax: ‘method.r’ ‘outqrf.r’ Flavors: r-devel-linux-x86_64-debian-clang, r-devel-linux-x86_64-debian-gcc, r-devel-linux-x86_64-fedora-clang, r-devel-linux-x86_64-fedora-gcc, r-devel-windows-x86_64, r-patched-linux-x86_64, r-release-linux-x86_64, r-release-macos-arm64, r-release-macos-x86_64, r-release-windows-x86_64

Version: 1.0.0
Check: examples
Result: NOTE Examples with CPU (user + system) or elapsed time > 5s user system elapsed plot.outqrf 4.859 0.089 6.478 evaluateOutliers 4.750 0.194 6.218 Flavor: r-devel-linux-x86_64-debian-clang