CRAN Package Check Results for Package outreg

Last updated on 2025-04-30 04:50:13 CEST.

Flavor Version Tinstall Tcheck Ttotal Status Flags
r-devel-linux-x86_64-debian-clang 0.2.2 2.60 32.80 35.40 OK
r-devel-linux-x86_64-debian-gcc 0.2.2 1.97 24.59 26.56 OK
r-devel-linux-x86_64-fedora-clang 0.2.2 52.42 OK
r-devel-linux-x86_64-fedora-gcc 0.2.2 49.97 OK
r-devel-windows-x86_64 0.2.2 4.00 51.00 55.00 OK
r-patched-linux-x86_64 0.2.2 2.54 29.83 32.37 OK
r-release-linux-x86_64 0.2.2 2.09 29.83 31.92 OK
r-release-macos-arm64 0.2.2 20.00 OK
r-release-macos-x86_64 0.2.2 44.00 OK
r-release-windows-x86_64 0.2.2 3.00 50.00 53.00 OK
r-oldrel-macos-arm64 0.2.2 19.00 NOTE
r-oldrel-macos-x86_64 0.2.2 29.00 NOTE
r-oldrel-windows-x86_64 0.2.2 4.00 54.00 58.00 NOTE

Check Details

Version: 0.2.2
Check: LazyData
Result: NOTE 'LazyData' is specified without a 'data' directory Flavors: r-oldrel-macos-arm64, r-oldrel-macos-x86_64, r-oldrel-windows-x86_64